Last updated on 2023-12-04 16:53:38 CET.
Flavor | Version | Tinstall | Tcheck | Ttotal | Status | Flags |
---|---|---|---|---|---|---|
r-devel-linux-x86_64-debian-clang | 1.1.3 | 376.56 | 173.00 | 549.56 | NOTE | |
r-devel-linux-x86_64-debian-gcc | 1.1.3 | 257.07 | 138.44 | 395.51 | NOTE | |
r-devel-linux-x86_64-fedora-clang | 1.1.3 | 790.64 | NOTE | |||
r-devel-linux-x86_64-fedora-gcc | 1.1.3 | 815.29 | OK | |||
r-devel-windows-x86_64 | 1.1.3 | 289.00 | 224.00 | 513.00 | NOTE | |
r-patched-linux-x86_64 | 1.1.3 | 241.96 | 175.95 | 417.91 | OK | |
r-release-linux-x86_64 | 1.1.3 | 260.21 | 176.59 | 436.80 | OK | |
r-release-macos-arm64 | 1.1.3 | 218.00 | NOTE | |||
r-release-macos-x86_64 | 1.1.3 | 349.00 | NOTE | |||
r-release-windows-x86_64 | 1.1.3 | 372.00 | 215.00 | 587.00 | NOTE | |
r-oldrel-macos-arm64 | 1.1.3 | 213.00 | NOTE | |||
r-oldrel-macos-x86_64 | 1.1.3 | 242.00 | NOTE | |||
r-oldrel-windows-x86_64 | 1.1.3 | 339.00 | 220.00 | 559.00 | NOTE |
Version: 1.1.3
Check: Rd files
Result: NOTE
checkRd: (-1) rbm.haplos.power.Rd:35: Lost braces; missing escapes or markup?
35 | \item{simus.haplos}{ Which method to simulate the data, if \code{simus.haplos="freqs"}, {rbm.haplos.freqs()} is used, otherwise \code{rbm.haplos.thresholds()} is used.}
| ^
Flavors: r-devel-linux-x86_64-debian-clang, r-devel-linux-x86_64-debian-gcc
Version: 1.1.3
Check: installed package size
Result: NOTE
installed size is 5.6Mb
sub-directories of 1Mb or more:
data 3.9Mb
Flavors: r-devel-linux-x86_64-fedora-clang, r-devel-windows-x86_64, r-release-macos-arm64, r-release-macos-x86_64, r-release-windows-x86_64, r-oldrel-macos-arm64, r-oldrel-macos-x86_64, r-oldrel-windows-x86_64