Last updated on 2023-05-28 23:14:07 CEST.
Flavor | Version | Tinstall | Tcheck | Ttotal | Status | Flags |
---|---|---|---|---|---|---|
r-devel-linux-x86_64-debian-clang | 1.1.3 | 369.50 | 179.52 | 549.02 | OK | |
r-devel-linux-x86_64-debian-gcc | 1.1.3 | 290.54 | 139.16 | 429.70 | OK | |
r-devel-linux-x86_64-fedora-clang | 1.1.3 | 821.19 | NOTE | |||
r-devel-linux-x86_64-fedora-gcc | 1.1.3 | 858.45 | OK | |||
r-devel-windows-x86_64 | 1.1.3 | 289.00 | 230.00 | 519.00 | NOTE | |
r-patched-linux-x86_64 | 1.1.3 | 235.84 | 177.08 | 412.92 | OK | |
r-release-linux-x86_64 | 1.1.3 | 229.81 | 175.64 | 405.45 | OK | |
r-release-macos-arm64 | 1.1.3 | 218.00 | NOTE | |||
r-release-macos-x86_64 | 1.1.3 | 349.00 | NOTE | |||
r-release-windows-x86_64 | 1.1.3 | 376.00 | 230.00 | 606.00 | NOTE | |
r-oldrel-macos-arm64 | 1.1.3 | 213.00 | NOTE | |||
r-oldrel-macos-x86_64 | 1.1.3 | 242.00 | NOTE | |||
r-oldrel-windows-x86_64 | 1.1.3 | 334.00 | 221.00 | 555.00 | NOTE |
Version: 1.1.3
Check: installed package size
Result: NOTE
installed size is 5.6Mb
sub-directories of 1Mb or more:
data 3.9Mb
Flavors: r-devel-linux-x86_64-fedora-clang, r-devel-windows-x86_64, r-release-macos-arm64, r-release-macos-x86_64, r-release-windows-x86_64, r-oldrel-macos-arm64, r-oldrel-macos-x86_64, r-oldrel-windows-x86_64