Last updated on 2024-04-23 16:58:26 CEST.
Flavor | Version | Tinstall | Tcheck | Ttotal | Status | Flags |
---|---|---|---|---|---|---|
r-devel-linux-x86_64-debian-clang | 2.2.0 | 36.90 | 196.08 | 232.98 | NOTE | |
r-devel-linux-x86_64-debian-gcc | 2.2.0 | 29.93 | 143.29 | 173.22 | NOTE | |
r-devel-linux-x86_64-fedora-clang | 2.2.0 | 298.32 | NOTE | |||
r-devel-linux-x86_64-fedora-gcc | 2.2.0 | 299.89 | NOTE | |||
r-prerel-macos-arm64 | 2.2.0 | 76.00 | NOTE | |||
r-prerel-windows-x86_64 | 2.2.0 | 34.00 | 209.00 | 243.00 | NOTE | |
r-patched-linux-x86_64 | 2.2.0 | 34.88 | 187.70 | 222.58 | NOTE | |
r-release-linux-x86_64 | 2.2.0 | 25.62 | 183.15 | 208.77 | OK | |
r-release-macos-arm64 | 2.2.0 | 77.00 | OK | |||
r-release-macos-x86_64 | 2.2.0 | 133.00 | OK | |||
r-release-windows-x86_64 | 2.2.0 | 44.00 | 218.00 | 262.00 | OK | |
r-oldrel-macos-arm64 | 2.2.0 | 72.00 | OK | |||
r-oldrel-windows-x86_64 | 2.2.0 | 40.00 | 207.00 | 247.00 | OK |
Version: 2.2.0
Check: Rd files
Result: NOTE
checkRd: (-1) rvn_dist_lonlat.Rd:14: Lost braces; missing escapes or markup?
14 | \item{method}{calculation method as either \code{haversine} (default) or {vincentysphere}}
| ^
checkRd: (-1) rvn_gen_obsweights.Rd:29: Lost braces
29 | {wts}{returns numeric vector of weights}
| ^
checkRd: (-1) rvn_hyd_dygraph.Rd:27: Lost braces
27 | {res}{ a list of plot handles to dygraph plots}
| ^
checkRd: (-1) rvn_hydrograph_data.Rd:19: Lost braces in \itemize; meant \describe ?
checkRd: (-1) rvn_hydrograph_data.Rd:20: Lost braces in \itemize; meant \describe ?
checkRd: (-1) rvn_hydrograph_data.Rd:21: Lost braces in \itemize; meant \describe ?
checkRd: (-1) rvn_hydrograph_data.Rd:22: Lost braces in \itemize; meant \describe ?
checkRd: (-1) rvn_hydrograph_data.Rd:23: Lost braces in \itemize; meant \describe ?
checkRd: (-1) rvn_rvh_query.Rd:17: Lost braces
17 | {rvh}{rvh object in same format, but queried to condition and all features (SBtable, HRUtable, SBnetwork) updated.}
| ^
checkRd: (-1) rvn_rvh_subbasin_visnetwork_plot.Rd:15: Lost braces
15 | {p1}{returns visNetwork plot object}
| ^
checkRd: (-1) rvn_rvi_process_ggplot.Rd:40: Lost braces
40 | {p1}{returns ggplot object. Also generates a .pdf file in working directory if pdfplot argument is not NULL.}
| ^
Flavors: r-devel-linux-x86_64-debian-clang, r-devel-linux-x86_64-debian-gcc, r-devel-linux-x86_64-fedora-clang, r-devel-linux-x86_64-fedora-gcc, r-prerel-macos-arm64, r-prerel-windows-x86_64, r-patched-linux-x86_64