CRAN Package Check Results for Package Rcereal

Last updated on 2021-11-30 05:00:01 CET.

Flavor Version Tinstall Tcheck Ttotal Status Flags
r-devel-linux-x86_64-debian-clang 1.2.1.1 2.17 21.93 24.10 NOTE
r-devel-linux-x86_64-debian-gcc 1.2.1.1 1.59 17.73 19.32 NOTE
r-devel-linux-x86_64-fedora-clang 1.2.1.1 43.36 NOTE
r-devel-linux-x86_64-fedora-gcc 1.2.1.1 30.23 NOTE
r-devel-windows-x86_64-new-UL 1.2.1.1 8.00 60.00 68.00 NOTE
r-devel-windows-x86_64-new-TK 1.2.1.1 NOTE
r-devel-windows-x86_64-old 1.2.1.1 4.00 34.00 38.00 NOTE
r-patched-linux-x86_64 1.2.1.1 1.95 21.24 23.19 NOTE
r-patched-solaris-x86 1.2.1.1 47.20 NOTE
r-release-linux-x86_64 1.2.1.1 2.00 21.17 23.17 NOTE
r-release-macos-arm64 1.2.1.1 NOTE
r-release-macos-x86_64 1.2.1.1 NOTE
r-release-windows-ix86+x86_64 1.2.1.1 5.00 41.00 46.00 NOTE
r-oldrel-macos-x86_64 1.2.1.1 OK
r-oldrel-windows-ix86+x86_64 1.2.1.1 4.00 35.00 39.00 OK

Check Details

Version: 1.2.1.1
Check: LazyData
Result: NOTE
     'LazyData' is specified without a 'data' directory
Flavors: r-devel-linux-x86_64-debian-clang, r-devel-linux-x86_64-debian-gcc, r-devel-linux-x86_64-fedora-clang, r-devel-linux-x86_64-fedora-gcc, r-devel-windows-x86_64-new-UL, r-devel-windows-x86_64-new-TK, r-devel-windows-x86_64-old, r-patched-linux-x86_64, r-patched-solaris-x86, r-release-linux-x86_64, r-release-macos-arm64, r-release-macos-x86_64, r-release-windows-ix86+x86_64