Last updated on 2023-11-29 09:08:50 CET.
Flavor | Version | Tinstall | Tcheck | Ttotal | Status | Flags |
---|---|---|---|---|---|---|
r-devel-linux-x86_64-debian-clang | 0.3-6 | 16.60 | 139.04 | 155.64 | NOTE | |
r-devel-linux-x86_64-debian-gcc | 0.3-6 | 11.75 | 100.78 | 112.53 | NOTE | |
r-devel-linux-x86_64-fedora-clang | 0.3-6 | 189.96 | OK | |||
r-devel-linux-x86_64-fedora-gcc | 0.3-6 | 182.34 | OK | |||
r-devel-windows-x86_64 | 0.3-6 | 15.00 | 117.00 | 132.00 | OK | |
r-patched-linux-x86_64 | 0.3-6 | 14.60 | 130.37 | 144.97 | OK | |
r-release-linux-x86_64 | 0.3-6 | 14.13 | 131.99 | 146.12 | OK | |
r-release-macos-arm64 | 0.3-6 | 53.00 | OK | |||
r-release-macos-x86_64 | 0.3-6 | 94.00 | OK | |||
r-release-windows-x86_64 | 0.3-6 | 19.00 | 133.00 | 152.00 | OK | |
r-oldrel-macos-arm64 | 0.3-6 | 48.00 | OK | |||
r-oldrel-macos-x86_64 | 0.3-6 | 72.00 | OK | |||
r-oldrel-windows-x86_64 | 0.3-6 | 20.00 | 137.00 | 157.00 | OK |
Version: 0.3-6
Check: Rd files
Result: NOTE
checkRd: (-1) Rchoice.Rd:159: Lost braces; missing escapes or markup?
159 | \code{ranp}. If the parameters are assumed to be normally distributed \eqn{\beta_i ~ N(\beta, \Sigma)}, then the random parameter are constructed as: \deqn{\beta_{ir}=\beta+L\omega_{ir}} where \eqn{LL'=\Sigma} and \eqn{\omega_{ir}} is the {r}-th draw from standard normal distribution for individual \eqn{i}.
| ^
Flavors: r-devel-linux-x86_64-debian-clang, r-devel-linux-x86_64-debian-gcc