Last updated on 2024-04-23 08:58:13 CEST.
Flavor | Version | Tinstall | Tcheck | Ttotal | Status | Flags |
---|---|---|---|---|---|---|
r-devel-linux-x86_64-debian-clang | 2.9-2 | 57.30 | 314.33 | 371.63 | OK | |
r-devel-linux-x86_64-debian-gcc | 2.9-2 | 41.94 | 224.03 | 265.97 | OK | |
r-devel-linux-x86_64-fedora-clang | 2.9-2 | 473.80 | NOTE | |||
r-devel-linux-x86_64-fedora-gcc | 2.9-2 | 462.76 | OK | |||
r-prerel-macos-arm64 | 2.9-2 | 173.00 | NOTE | |||
r-prerel-macos-x86_64 | 2.9-2 | 243.00 | NOTE | |||
r-prerel-windows-x86_64 | 2.9-2 | 35.00 | 208.00 | 243.00 | NOTE | |
r-patched-linux-x86_64 | 2.9-2 | 48.04 | 293.14 | 341.18 | OK | |
r-release-linux-x86_64 | 2.9-2 | 34.30 | 264.09 | 298.39 | OK | |
r-release-macos-arm64 | 2.9-2 | 115.00 | NOTE | |||
r-release-macos-x86_64 | 2.9-2 | 192.00 | NOTE | |||
r-release-windows-x86_64 | 2.9-2 | 47.00 | 246.00 | 293.00 | NOTE | |
r-oldrel-macos-arm64 | 2.9-2 | 163.00 | NOTE | |||
r-oldrel-windows-x86_64 | 2.9-2 | 48.00 | 262.00 | 310.00 | NOTE |
Version: 2.9-2
Check: installed package size
Result: NOTE
installed size is 8.0Mb
sub-directories of 1Mb or more:
R 1.2Mb
doc 3.5Mb
po 2.5Mb
Flavors: r-devel-linux-x86_64-fedora-clang, r-prerel-macos-arm64, r-prerel-macos-x86_64, r-prerel-windows-x86_64, r-release-macos-arm64, r-release-macos-x86_64, r-release-windows-x86_64, r-oldrel-macos-arm64, r-oldrel-windows-x86_64