CRAN Package Check Results for Package RcmdrPlugin.PcaRobust

Last updated on 2022-07-03 00:52:38 CEST.

Flavor Version Tinstall Tcheck Ttotal Status Flags
r-devel-linux-x86_64-debian-clang 1.1.4 20.13 150.02 170.15 NOTE
r-devel-linux-x86_64-debian-gcc 1.1.4 15.21 110.83 126.04 NOTE
r-devel-linux-x86_64-fedora-clang 1.1.4 219.04 NOTE
r-devel-linux-x86_64-fedora-gcc 1.1.4 218.23 NOTE
r-devel-windows-x86_64 1.1.4 51.00 196.00 247.00 NOTE
r-patched-linux-x86_64 1.1.4 24.57 164.57 189.14 NOTE
r-release-linux-x86_64 1.1.4 24.31 168.40 192.71 NOTE
r-release-macos-arm64 1.1.4 100.00 NOTE
r-release-macos-x86_64 1.1.4 240.00 NOTE
r-release-windows-x86_64 1.1.4 34.00 208.00 242.00 NOTE
r-oldrel-macos-arm64 1.1.4 92.00 NOTE
r-oldrel-macos-x86_64 1.1.4 131.00 NOTE
r-oldrel-windows-ix86+x86_64 1.1.4 41.00 157.00 198.00 NOTE

Check Details

Version: 1.1.4
Check: LazyData
Result: NOTE
     'LazyData' is specified without a 'data' directory
Flavors: r-devel-linux-x86_64-debian-clang, r-devel-linux-x86_64-debian-gcc, r-devel-linux-x86_64-fedora-clang, r-devel-linux-x86_64-fedora-gcc, r-devel-windows-x86_64, r-patched-linux-x86_64, r-release-linux-x86_64, r-release-macos-arm64, r-release-macos-x86_64, r-release-windows-x86_64, r-oldrel-macos-arm64, r-oldrel-macos-x86_64, r-oldrel-windows-ix86+x86_64