Last updated on 2023-02-04 01:54:31 CET.
Flavor | Version | Tinstall | Tcheck | Ttotal | Status | Flags |
---|---|---|---|---|---|---|
r-devel-linux-x86_64-debian-clang | 1.2.0 | 13.70 | 178.10 | 191.80 | OK | |
r-devel-linux-x86_64-debian-gcc | 1.2.0 | 11.76 | 128.53 | 140.29 | OK | |
r-devel-linux-x86_64-fedora-clang | 1.2.0 | 231.65 | NOTE | |||
r-devel-linux-x86_64-fedora-gcc | 1.2.0 | 253.04 | NOTE | |||
r-devel-windows-x86_64 | 1.2.0 | 94.00 | 204.00 | 298.00 | OK | |
r-patched-linux-x86_64 | 1.2.0 | 14.68 | 162.27 | 176.95 | OK | |
r-release-linux-x86_64 | 1.2.0 | 12.21 | 150.81 | 163.02 | OK | |
r-release-macos-arm64 | 1.2.0 | 77.00 | OK | |||
r-release-macos-x86_64 | 1.2.0 | 98.00 | OK | |||
r-release-windows-x86_64 | 1.2.0 | 107.00 | 202.00 | 309.00 | OK | |
r-oldrel-macos-arm64 | 1.2.0 | 77.00 | OK | |||
r-oldrel-macos-x86_64 | 1.2.0 | 108.00 | OK | |||
r-oldrel-windows-ix86+x86_64 | 1.2.0 | 30.00 | 201.00 | 231.00 | OK |
Version: 1.2.0
Check: data for non-ASCII characters
Result: NOTE
Note: found 345 marked UTF-8 strings
Flavors: r-devel-linux-x86_64-fedora-clang, r-devel-linux-x86_64-fedora-gcc