Last updated on 2024-04-24 00:55:55 CEST.
Flavor | Version | Tinstall | Tcheck | Ttotal | Status | Flags |
---|---|---|---|---|---|---|
r-devel-linux-x86_64-debian-clang | 1.3.0 | 15.44 | 247.45 | 262.89 | OK | |
r-devel-linux-x86_64-debian-gcc | 1.3.0 | 11.82 | 172.42 | 184.24 | OK | |
r-devel-linux-x86_64-fedora-clang | 1.3.0 | 317.70 | NOTE | |||
r-devel-linux-x86_64-fedora-gcc | 1.3.0 | 325.20 | NOTE | |||
r-prerel-macos-arm64 | 1.3.0 | 121.00 | OK | |||
r-prerel-windows-x86_64 | 1.3.0 | 14.00 | 220.00 | 234.00 | OK | |
r-patched-linux-x86_64 | 1.3.0 | 17.22 | 230.42 | 247.64 | OK | |
r-release-linux-x86_64 | 1.3.0 | 15.58 | 231.61 | 247.19 | OK | |
r-release-macos-arm64 | 1.3.0 | 126.00 | OK | |||
r-release-macos-x86_64 | 1.3.0 | 254.00 | OK | |||
r-release-windows-x86_64 | 1.3.0 | 18.00 | 239.00 | 257.00 | OK | |
r-oldrel-macos-arm64 | 1.3.0 | 115.00 | OK | |||
r-oldrel-windows-x86_64 | 1.3.0 | 19.00 | 243.00 | 262.00 | OK |
Version: 1.3.0
Check: data for non-ASCII characters
Result: NOTE
Note: found 345 marked UTF-8 strings
Flavors: r-devel-linux-x86_64-fedora-clang, r-devel-linux-x86_64-fedora-gcc