Last updated on 2023-10-03 01:05:01 CEST.
Flavor | Version | Tinstall | Tcheck | Ttotal | Status | Flags |
---|---|---|---|---|---|---|
r-devel-linux-x86_64-debian-clang | 1.0.11 | 68.00 | 85.55 | 153.55 | OK | |
r-devel-linux-x86_64-debian-gcc | 1.0.11 | 34.99 | 67.03 | 102.02 | OK | |
r-devel-linux-x86_64-fedora-clang | 1.0.11 | 208.53 | NOTE | |||
r-devel-linux-x86_64-fedora-gcc | 1.0.11 | 222.06 | NOTE | |||
r-devel-windows-x86_64 | 1.0.11 | 52.00 | 214.00 | 266.00 | NOTE | |
r-patched-linux-x86_64 | 1.0.11 | 63.28 | 83.00 | 146.28 | OK | |
r-release-linux-x86_64 | 1.0.11 | 67.52 | 83.82 | 151.34 | OK | |
r-release-macos-arm64 | 1.0.11 | 85.00 | NOTE | |||
r-release-macos-x86_64 | 1.0.11 | 196.00 | NOTE | |||
r-release-windows-x86_64 | 1.0.11 | 54.00 | 198.00 | 252.00 | NOTE | |
r-oldrel-macos-arm64 | 1.0.11 | 87.00 | NOTE | |||
r-oldrel-macos-x86_64 | 1.0.11 | 117.00 | NOTE | |||
r-oldrel-windows-x86_64 | 1.0.11 | 65.00 | 190.00 | 255.00 | NOTE |
Version: 1.0.11
Check: installed package size
Result: NOTE
installed size is 10.2Mb
sub-directories of 1Mb or more:
doc 1.1Mb
include 6.4Mb
tinytest 1.0Mb
Flavors: r-devel-linux-x86_64-fedora-clang, r-devel-windows-x86_64, r-release-macos-arm64, r-release-macos-x86_64, r-release-windows-x86_64, r-oldrel-macos-arm64, r-oldrel-macos-x86_64, r-oldrel-windows-x86_64
Version: 1.0.11
Check: foreign function calls
Result: NOTE
Registration problem:
symbol ‘symbol’ in the local frame:
.Call(symbol)
See chapter ‘System and foreign language interfaces’ in the ‘Writing R
Extensions’ manual.
Flavors: r-devel-linux-x86_64-fedora-clang, r-devel-linux-x86_64-fedora-gcc