Last updated on 2024-04-23 16:58:26 CEST.
Flavor | Version | Tinstall | Tcheck | Ttotal | Status | Flags |
---|---|---|---|---|---|---|
r-devel-linux-x86_64-debian-clang | 0.0.9 | 47.80 | 44.35 | 92.15 | NOTE | |
r-devel-linux-x86_64-debian-gcc | 0.0.9 | 39.47 | 33.91 | 73.38 | NOTE | |
r-prerel-macos-arm64 | 0.0.9 | 35.00 | NOTE | |||
r-prerel-windows-x86_64 | 0.0.9 | 38.00 | 71.00 | 109.00 | NOTE | |
r-patched-linux-x86_64 | 0.0.9 | 51.32 | 44.14 | 95.46 | NOTE | |
r-release-linux-x86_64 | 0.0.9 | 51.88 | 43.06 | 94.94 | NOTE | |
r-release-macos-arm64 | 0.0.9 | 39.00 | NOTE | |||
r-release-macos-x86_64 | 0.0.9 | 61.00 | NOTE | |||
r-release-windows-x86_64 | 0.0.9 | 40.00 | 77.00 | 117.00 | NOTE | |
r-oldrel-macos-arm64 | 0.0.9 | 32.00 | OK | |||
r-oldrel-windows-x86_64 | 0.0.9 | 48.00 | 73.00 | 121.00 | OK |
Version: 0.0.9
Check: C++ specification
Result: NOTE
Specified C++11: please drop specification unless essential
Flavors: r-devel-linux-x86_64-debian-clang, r-devel-linux-x86_64-debian-gcc, r-prerel-macos-arm64, r-prerel-windows-x86_64, r-patched-linux-x86_64, r-release-linux-x86_64, r-release-macos-arm64, r-release-macos-x86_64, r-release-windows-x86_64