CRAN Package Check Results for Package RcppAnnoy

Last updated on 2021-10-22 00:50:37 CEST.

Flavor Version Tinstall Tcheck Ttotal Status Flags
r-devel-linux-x86_64-debian-clang 0.0.19 46.18 90.33 136.51 OK
r-devel-linux-x86_64-debian-gcc 0.0.19 37.14 65.28 102.42 OK
r-devel-linux-x86_64-fedora-clang 0.0.19 198.27 NOTE
r-devel-linux-x86_64-fedora-gcc 0.0.19 184.85 OK
r-devel-windows-x86_64 0.0.19 72.00 147.00 219.00 OK
r-devel-windows-x86_64-gcc10-UCRT 0.0.19 OK
r-patched-linux-x86_64 0.0.19 44.32 88.12 132.44 OK
r-patched-solaris-x86 0.0.19 191.80 OK
r-release-linux-x86_64 0.0.19 45.90 87.33 133.23 OK
r-release-macos-arm64 0.0.19 NOTE
r-release-macos-x86_64 0.0.19 NOTE
r-release-windows-ix86+x86_64 0.0.19 111.00 212.00 323.00 OK
r-oldrel-macos-x86_64 0.0.19 NOTE
r-oldrel-windows-ix86+x86_64 0.0.19 143.00 213.00 356.00 OK

Check Details

Version: 0.0.19
Check: installed package size
Result: NOTE
     installed size is 5.5Mb
     sub-directories of 1Mb or more:
     libs 5.0Mb
Flavors: r-devel-linux-x86_64-fedora-clang, r-release-macos-arm64, r-release-macos-x86_64, r-oldrel-macos-x86_64