Last updated on 2024-04-17 16:53:18 CEST.
Flavor | Version | Tinstall | Tcheck | Ttotal | Status | Flags |
---|---|---|---|---|---|---|
r-devel-linux-x86_64-debian-clang | 0.12.8.2.0 | 45.67 | 317.09 | 362.76 | ERROR | |
r-devel-linux-x86_64-debian-gcc | 0.12.8.2.1 | 36.47 | 221.76 | 258.23 | OK | |
r-devel-linux-x86_64-fedora-clang | 0.12.8.2.1 | 489.05 | NOTE | |||
r-devel-linux-x86_64-fedora-gcc | 0.12.8.2.1 | 501.43 | OK | |||
r-prerel-macos-arm64 | 0.12.8.2.1 | 126.00 | NOTE | |||
r-prerel-macos-x86_64 | 0.12.8.2.1 | 374.00 | NOTE | |||
r-prerel-windows-x86_64 | 0.12.8.2.1 | 46.00 | 296.00 | 342.00 | NOTE | |
r-patched-linux-x86_64 | 0.12.8.2.0 | 47.83 | 311.08 | 358.91 | OK | |
r-release-linux-x86_64 | 0.12.8.2.0 | 44.05 | 314.10 | 358.15 | OK | |
r-release-macos-arm64 | 0.12.8.2.1 | 134.00 | NOTE | |||
r-release-macos-x86_64 | 0.12.8.2.1 | 384.00 | NOTE | |||
r-release-windows-x86_64 | 0.12.8.2.1 | 44.00 | 279.00 | 323.00 | NOTE | |
r-oldrel-macos-arm64 | 0.12.8.2.1 | 124.00 | NOTE | |||
r-oldrel-windows-x86_64 | 0.12.8.2.1 | 50.00 | 331.00 | 381.00 | NOTE |
Version: 0.12.8.2.0
Check: tests
Result: ERROR
Running ‘tinytest.R’ [266s/328s]
Running the tests in ‘tests/tinytest.R’ failed.
Complete output:
>
> if (requireNamespace("tinytest", quietly=TRUE)) {
+ tinytest::test_package("RcppArmadillo")
+ }
test_Rlapack.R................ 0 tests
test_Rlapack.R................ 0 tests
test_Rlapack.R................ 0 tests
test_Rlapack.R................ 0 tests
test_Rlapack.R................ 0 tests
test_Rlapack.R................ 0 tests
test_Rlapack.R................ 0 tests
test_Rlapack.R................ 0 tests
test_Rlapack.R................ 0 tests
test_Rlapack.R................ 0 tests
test_Rlapack.R................ 0 tests
test_Rlapack.R................ 0 tests
test_Rlapack.R................ 0 tests
test_Rlapack.R................ 1 tests <1b>[0;32mOK<1b>[0m
test_Rlapack.R................ 2 tests <1b>[0;32mOK<1b>[0m
test_Rlapack.R................ 3 tests <1b>[0;32mOK<1b>[0m
test_Rlapack.R................ 4 tests <1b>[0;32mOK<1b>[0m
test_Rlapack.R................ 5 tests <1b>[0;32mOK<1b>[0m
test_Rlapack.R................ 6 tests <1b>[0;32mOK<1b>[0m
test_Rlapack.R................ 7 tests <1b>[0;32mOK<1b>[0m <1b>[0;34m39.3s<1b>[0m
test_complex.R................ 0 tests
test_complex.R................ 0 tests
test_complex.R................ 0 tests
test_complex.R................ 0 tests
test_complex.R................ 0 tests
test_complex.R................ 0 tests
test_complex.R................ 0 tests
test_complex.R................ 0 tests
test_complex.R................ 0 tests
test_complex.R................ 0 tests
test_complex.R................ 0 tests
test_complex.R................ 0 tests
test_complex.R................ 1 tests <1b>[0;32mOK<1b>[0m
test_complex.R................ 2 tests <1b>[0;32mOK<1b>[0m
test_complex.R................ 3 tests <1b>[0;32mOK<1b>[0m
test_complex.R................ 4 tests <1b>[0;32mOK<1b>[0m
test_complex.R................ 5 tests <1b>[0;32mOK<1b>[0m
test_complex.R................ 6 tests <1b>[0;32mOK<1b>[0m
test_complex.R................ 7 tests <1b>[0;32mOK<1b>[0m
test_complex.R................ 8 tests <1b>[0;32mOK<1b>[0m
test_complex.R................ 9 tests <1b>[0;32mOK<1b>[0m
test_complex.R................ 10 tests <1b>[0;32mOK<1b>[0m
test_complex.R................ 11 tests <1b>[0;32mOK<1b>[0m <1b>[0;34m27.8s<1b>[0m
test_cube.R................... 0 tests
test_cube.R................... 0 tests
test_cube.R................... 0 tests
test_cube.R................... 0 tests
test_cube.R................... 0 tests
test_cube.R................... 0 tests
test_cube.R................... 0 tests
test_cube.R................... 1 tests <1b>[0;32mOK<1b>[0m
test_cube.R................... 2 tests <1b>[0;32mOK<1b>[0m
test_cube.R................... 3 tests <1b>[0;32mOK<1b>[0m
test_cube.R................... 4 tests <1b>[0;32mOK<1b>[0m
test_cube.R................... 5 tests <1b>[0;32mOK<1b>[0m
test_cube.R................... 6 tests <1b>[0;32mOK<1b>[0m
test_cube.R................... 6 tests <1b>[0;32mOK<1b>[0m
test_cube.R................... 6 tests <1b>[0;32mOK<1b>[0m
test_cube.R................... 6 tests <1b>[0;32mOK<1b>[0m
test_cube.R................... 7 tests <1b>[0;32mOK<1b>[0m
test_cube.R................... 8 tests <1b>[0;32mOK<1b>[0m
test_cube.R................... 9 tests <1b>[0;32mOK<1b>[0m
test_cube.R................... 10 tests <1b>[0;32mOK<1b>[0m
test_cube.R................... 11 tests <1b>[0;32mOK<1b>[0m
test_cube.R................... 12 tests <1b>[0;32mOK<1b>[0m
test_cube.R................... 12 tests <1b>[0;32mOK<1b>[0m
test_cube.R................... 12 tests <1b>[0;32mOK<1b>[0m
test_cube.R................... 12 tests <1b>[0;32mOK<1b>[0m
test_cube.R................... 13 tests <1b>[0;32mOK<1b>[0m
test_cube.R................... 14 tests <1b>[0;32mOK<1b>[0m
test_cube.R................... 15 tests <1b>[0;32mOK<1b>[0m
test_cube.R................... 16 tests <1b>[0;32mOK<1b>[0m
test_cube.R................... 17 tests <1b>[0;32mOK<1b>[0m
test_cube.R................... 18 tests <1b>[0;32mOK<1b>[0m <1b>[0;34m25.4s<1b>[0m
test_fastLm.R................. 0 tests
test_fastLm.R................. 0 tests
test_fastLm.R................. 0 tests
test_fastLm.R................. 0 tests
test_fastLm.R................. 0 tests
test_fastLm.R................. 1 tests <1b>[0;32mOK<1b>[0m
test_fastLm.R................. 2 tests <1b>[0;32mOK<1b>[0m
test_fastLm.R................. 3 tests <1b>[0;32mOK<1b>[0m
test_fastLm.R................. 3 tests <1b>[0;32mOK<1b>[0m
test_fastLm.R................. 3 tests <1b>[0;32mOK<1b>[0m
test_fastLm.R................. 3 tests <1b>[0;32mOK<1b>[0m
test_fastLm.R................. 4 tests <1b>[0;32mOK<1b>[0m
test_fastLm.R................. 5 tests <1b>[0;32mOK<1b>[0m
test_fastLm.R................. 6 tests <1b>[0;32mOK<1b>[0m
test_fastLm.R................. 7 tests <1b>[0;32mOK<1b>[0m
test_fastLm.R................. 8 tests <1b>[0;32mOK<1b>[0m
test_fastLm.R................. 8 tests <1b>[0;32mOK<1b>[0m
test_fastLm.R................. 8 tests <1b>[0;32mOK<1b>[0m
test_fastLm.R................. 8 tests <1b>[0;32mOK<1b>[0m
test_fastLm.R................. 9 tests <1b>[0;32mOK<1b>[0m
test_fastLm.R................. 10 tests <1b>[0;32mOK<1b>[0m
test_fastLm.R................. 11 tests <1b>[0;32mOK<1b>[0m
test_fastLm.R................. 12 tests <1b>[0;32mOK<1b>[0m
test_fastLm.R................. 12 tests <1b>[0;32mOK<1b>[0m
test_fastLm.R................. 12 tests <1b>[0;32mOK<1b>[0m
test_fastLm.R................. 13 tests <1b>[0;32mOK<1b>[0m
test_fastLm.R................. 14 tests <1b>[0;32mOK<1b>[0m
test_fastLm.R................. 15 tests <1b>[0;32mOK<1b>[0m
test_fastLm.R................. 16 tests <1b>[0;32mOK<1b>[0m
test_fastLm.R................. 16 tests <1b>[0;32mOK<1b>[0m
test_fastLm.R................. 16 tests <1b>[0;32mOK<1b>[0m
test_fastLm.R................. 17 tests <1b>[0;32mOK<1b>[0m
test_fastLm.R................. 18 tests <1b>[0;32mOK<1b>[0m
test_fastLm.R................. 19 tests <1b>[0;32mOK<1b>[0m
test_fastLm.R................. 20 tests <1b>[0;32mOK<1b>[0m
test_fastLm.R................. 20 tests <1b>[0;32mOK<1b>[0m
test_fastLm.R................. 20 tests <1b>[0;32mOK<1b>[0m
test_fastLm.R................. 20 tests <1b>[0;32mOK<1b>[0m
test_fastLm.R................. 21 tests <1b>[0;32mOK<1b>[0m
test_fastLm.R................. 22 tests <1b>[0;32mOK<1b>[0m
test_fastLm.R................. 23 tests <1b>[0;32mOK<1b>[0m
test_fastLm.R................. 24 tests <1b>[0;32mOK<1b>[0m
test_fastLm.R................. 25 tests <1b>[0;32mOK<1b>[0m
test_fastLm.R................. 26 tests <1b>[0;32mOK<1b>[0m
test_fastLm.R................. 27 tests <1b>[0;32mOK<1b>[0m
test_fastLm.R................. 27 tests <1b>[0;32mOK<1b>[0m
test_fastLm.R................. 28 tests <1b>[0;32mOK<1b>[0m
test_fastLm.R................. 29 tests <1b>[0;32mOK<1b>[0m
test_fastLm.R................. 29 tests <1b>[0;32mOK<1b>[0m
test_fastLm.R................. 30 tests <1b>[0;32mOK<1b>[0m <1b>[0;34m0.1s<1b>[0m
test_fields.R................. 0 tests
test_fields.R................. 0 tests
test_fields.R................. 0 tests
test_fields.R................. 0 tests
test_fields.R................. 1 tests <1b>[0;32mOK<1b>[0m
test_fields.R................. 2 tests <1b>[0;32mOK<1b>[0m
test_fields.R................. 2 tests <1b>[0;32mOK<1b>[0m
test_fields.R................. 3 tests <1b>[0;32mOK<1b>[0m
test_fields.R................. 3 tests <1b>[0;32mOK<1b>[0m
test_fields.R................. 4 tests <1b>[0;32mOK<1b>[0m
test_fields.R................. 5 tests <1b>[0;32mOK<1b>[0m
test_fields.R................. 5 tests <1b>[0;32mOK<1b>[0m
test_fields.R................. 6 tests <1b>[0;32mOK<1b>[0m
test_fields.R................. 6 tests <1b>[0;32mOK<1b>[0m
test_fields.R................. 7 tests <1b>[0;32mOK<1b>[0m
test_fields.R................. 8 tests <1b>[0;32mOK<1b>[0m
test_fields.R................. 8 tests <1b>[0;32mOK<1b>[0m
test_fields.R................. 9 tests <1b>[0;32mOK<1b>[0m
test_fields.R................. 10 tests <1b>[0;32mOK<1b>[0m
test_fields.R................. 10 tests <1b>[0;32mOK<1b>[0m
test_fields.R................. 11 tests <1b>[0;32mOK<1b>[0m
test_fields.R................. 12 tests <1b>[0;32mOK<1b>[0m
test_fields.R................. 12 tests <1b>[0;32mOK<1b>[0m
test_fields.R................. 13 tests <1b>[0;32mOK<1b>[0m
test_fields.R................. 14 tests <1b>[0;32mOK<1b>[0m
test_fields.R................. 14 tests <1b>[0;32mOK<1b>[0m
test_fields.R................. 15 tests <1b>[0;32mOK<1b>[0m
test_fields.R................. 16 tests <1b>[0;32mOK<1b>[0m
test_fields.R................. 16 tests <1b>[0;32mOK<1b>[0m
test_fields.R................. 17 tests <1b>[0;32mOK<1b>[0m
test_fields.R................. 18 tests <1b>[0;32mOK<1b>[0m
test_fields.R................. 18 tests <1b>[0;32mOK<1b>[0m
test_fields.R................. 18 tests <1b>[0;32mOK<1b>[0m
test_fields.R................. 19 tests <1b>[0;32mOK<1b>[0m
test_fields.R................. 19 tests <1b>[0;32mOK<1b>[0m
test_fields.R................. 20 tests <1b>[0;32mOK<1b>[0m
test_fields.R................. 20 tests <1b>[0;32mOK<1b>[0m
test_fields.R................. 21 tests <1b>[0;32mOK<1b>[0m
test_fields.R................. 21 tests <1b>[0;32mOK<1b>[0m
test_fields.R................. 22 tests <1b>[0;32mOK<1b>[0m
test_fields.R................. 22 tests <1b>[0;32mOK<1b>[0m
test_fields.R................. 23 tests <1b>[0;32mOK<1b>[0m <1b>[0;34m23.5s<1b>[0m
test_fields_new.R............. 0 tests
test_fields_new.R............. 0 tests
test_fields_new.R............. 0 tests
test_fields_new.R............. 0 tests
test_fields_new.R............. 1 tests <1b>[0;32mOK<1b>[0m
test_fields_new.R............. 2 tests <1b>[0;32mOK<1b>[0m
test_fields_new.R............. 3 tests <1b>[0;32mOK<1b>[0m
test_fields_new.R............. 4 tests <1b>[0;32mOK<1b>[0m
test_fields_new.R............. 4 tests <1b>[0;32mOK<1b>[0m
test_fields_new.R............. 5 tests <1b>[0;32mOK<1b>[0m
test_fields_new.R............. 6 tests <1b>[0;32mOK<1b>[0m
test_fields_new.R............. 7 tests <1b>[0;32mOK<1b>[0m
test_fields_new.R............. 8 tests <1b>[0;32mOK<1b>[0m
test_fields_new.R............. 8 tests <1b>[0;32mOK<1b>[0m
test_fields_new.R............. 9 tests <1b>[0;32mOK<1b>[0m
test_fields_new.R............. 10 tests <1b>[0;32mOK<1b>[0m
test_fields_new.R............. 11 tests <1b>[0;32mOK<1b>[0m
test_fields_new.R............. 12 tests <1b>[0;32mOK<1b>[0m
test_fields_new.R............. 13 tests <1b>[0;32mOK<1b>[0m
test_fields_new.R............. 13 tests <1b>[0;32mOK<1b>[0m
test_fields_new.R............. 14 tests <1b>[0;32mOK<1b>[0m
test_fields_new.R............. 15 tests <1b>[0;32mOK<1b>[0m
test_fields_new.R............. 16 tests <1b>[0;32mOK<1b>[0m
test_fields_new.R............. 17 tests <1b>[0;32mOK<1b>[0m
test_fields_new.R............. 18 tests <1b>[0;32mOK<1b>[0m
test_fields_new.R............. 18 tests <1b>[0;32mOK<1b>[0m
test_fields_new.R............. 19 tests <1b>[0;32mOK<1b>[0m
test_fields_new.R............. 20 tests <1b>[0;32mOK<1b>[0m
test_fields_new.R............. 21 tests <1b>[0;32mOK<1b>[0m
test_fields_new.R............. 22 tests <1b>[0;32mOK<1b>[0m
test_fields_new.R............. 23 tests <1b>[0;32mOK<1b>[0m
test_fields_new.R............. 23 tests <1b>[0;32mOK<1b>[0m
test_fields_new.R............. 24 tests <1b>[0;32mOK<1b>[0m
test_fields_new.R............. 25 tests <1b>[0;32mOK<1b>[0m
test_fields_new.R............. 26 tests <1b>[0;32mOK<1b>[0m
test_fields_new.R............. 27 tests <1b>[0;32mOK<1b>[0m
test_fields_new.R............. 28 tests <1b>[0;32mOK<1b>[0m
test_fields_new.R............. 29 tests <1b>[0;32mOK<1b>[0m
test_fields_new.R............. 29 tests <1b>[0;32mOK<1b>[0m
test_fields_new.R............. 30 tests <1b>[0;32mOK<1b>[0m
test_fields_new.R............. 30 tests <1b>[0;32mOK<1b>[0m
test_fields_new.R............. 31 tests <1b>[0;32mOK<1b>[0m
test_fields_new.R............. 31 tests <1b>[0;32mOK<1b>[0m
test_fields_new.R............. 32 tests <1b>[0;32mOK<1b>[0m
test_fields_new.R............. 32 tests <1b>[0;32mOK<1b>[0m
test_fields_new.R............. 33 tests <1b>[0;32mOK<1b>[0m
test_fields_new.R............. 33 tests <1b>[0;32mOK<1b>[0m
test_fields_new.R............. 34 tests <1b>[0;32mOK<1b>[0m
test_fields_new.R............. 34 tests <1b>[0;32mOK<1b>[0m
test_fields_new.R............. 35 tests <1b>[0;32mOK<1b>[0m <1b>[0;34m23.1s<1b>[0m
test_misc.R................... 0 tests
test_misc.R................... 0 tests
test_misc.R................... 1 tests <1b>[0;32mOK<1b>[0m
test_misc.R................... 2 tests <1b>[0;32mOK<1b>[0m
test_misc.R................... 2 tests <1b>[0;32mOK<1b>[0m
test_misc.R................... 3 tests <1b>[0;32mOK<1b>[0m
test_misc.R................... 4 tests <1b>[0;32mOK<1b>[0m
test_misc.R................... 5 tests <1b>[0;32mOK<1b>[0m
test_misc.R................... 5 tests <1b>[0;32mOK<1b>[0m
test_misc.R................... 5 tests <1b>[0;32mOK<1b>[0m
test_misc.R................... 6 tests <1b>[0;32mOK<1b>[0m
test_misc.R................... 7 tests <1b>[0;32mOK<1b>[0m
test_misc.R................... 8 tests <1b>[0;32mOK<1b>[0m
test_misc.R................... 9 tests <1b>[0;32mOK<1b>[0m
test_misc.R................... 10 tests <1b>[0;32mOK<1b>[0m
test_misc.R................... 11 tests <1b>[0;32mOK<1b>[0m <1b>[0;36m24ms<1b>[0m
test_rcpparmadillo.R.......... 0 tests
test_rcpparmadillo.R.......... 0 tests
test_rcpparmadillo.R.......... 0 tests
test_rcpparmadillo.R.......... 0 tests
test_rcpparmadillo.R.......... 1 tests <1b>[0;32mOK<1b>[0m
test_rcpparmadillo.R.......... 2 tests <1b>[0;32mOK<1b>[0m
test_rcpparmadillo.R.......... 3 tests <1b>[0;32mOK<1b>[0m
test_rcpparmadillo.R.......... 4 tests <1b>[0;32mOK<1b>[0m
test_rcpparmadillo.R.......... 5 tests <1b>[0;32mOK<1b>[0m
test_rcpparmadillo.R.......... 6 tests <1b>[0;32mOK<1b>[0m
test_rcpparmadillo.R.......... 7 tests <1b>[0;32mOK<1b>[0m
test_rcpparmadillo.R.......... 8 tests <1b>[0;32mOK<1b>[0m
test_rcpparmadillo.R.......... 8 tests <1b>[0;32mOK<1b>[0m
test_rcpparmadillo.R.......... 8 tests <1b>[0;32mOK<1b>[0m
test_rcpparmadillo.R.......... 8 tests <1b>[0;32mOK<1b>[0m
test_rcpparmadillo.R.......... 9 tests <1b>[0;32mOK<1b>[0m
test_rcpparmadillo.R.......... 9 tests <1b>[0;32mOK<1b>[0m
test_rcpparmadillo.R.......... 9 tests <1b>[0;32mOK<1b>[0m
test_rcpparmadillo.R.......... 10 tests <1b>[0;32mOK<1b>[0m
test_rcpparmadillo.R.......... 10 tests <1b>[0;32mOK<1b>[0m
test_rcpparmadillo.R.......... 10 tests <1b>[0;32mOK<1b>[0m
test_rcpparmadillo.R.......... 10 tests <1b>[0;32mOK<1b>[0m
test_rcpparmadillo.R.......... 10 tests <1b>[0;32mOK<1b>[0m
test_rcpparmadillo.R.......... 11 tests <1b>[0;32mOK<1b>[0m
test_rcpparmadillo.R.......... 11 tests <1b>[0;32mOK<1b>[0m
test_rcpparmadillo.R.......... 11 tests <1b>[0;32mOK<1b>[0m
test_rcpparmadillo.R.......... 12 tests <1b>[0;32mOK<1b>[0m
test_rcpparmadillo.R.......... 12 tests <1b>[0;32mOK<1b>[0m
test_rcpparmadillo.R.......... 12 tests <1b>[0;32mOK<1b>[0m
test_rcpparmadillo.R.......... 13 tests <1b>[0;32mOK<1b>[0m
test_rcpparmadillo.R.......... 13 tests <1b>[0;32mOK<1b>[0m
test_rcpparmadillo.R.......... 14 tests <1b>[0;32mOK<1b>[0m
test_rcpparmadillo.R.......... 14 tests <1b>[0;32mOK<1b>[0m
test_rcpparmadillo.R.......... 15 tests <1b>[0;32mOK<1b>[0m
test_rcpparmadillo.R.......... 15 tests <1b>[0;32mOK<1b>[0m
test_rcpparmadillo.R.......... 16 tests <1b>[0;32mOK<1b>[0m
test_rcpparmadillo.R.......... 16 tests <1b>[0;32mOK<1b>[0m
test_rcpparmadillo.R.......... 17 tests <1b>[0;32mOK<1b>[0m
test_rcpparmadillo.R.......... 17 tests <1b>[0;32mOK<1b>[0m
test_rcpparmadillo.R.......... 17 tests <1b>[0;32mOK<1b>[0m
test_rcpparmadillo.R.......... 18 tests <1b>[0;32mOK<1b>[0m
test_rcpparmadillo.R.......... 18 tests <1b>[0;32mOK<1b>[0m
test_rcpparmadillo.R.......... 19 tests <1b>[0;32mOK<1b>[0m
test_rcpparmadillo.R.......... 19 tests <1b>[0;32mOK<1b>[0m
test_rcpparmadillo.R.......... 19 tests <1b>[0;32mOK<1b>[0m
test_rcpparmadillo.R.......... 19 tests <1b>[0;32mOK<1b>[0m
test_rcpparmadillo.R.......... 20 tests <1b>[0;32mOK<1b>[0m
test_rcpparmadillo.R.......... 20 tests <1b>[0;32mOK<1b>[0m
test_rcpparmadillo.R.......... 20 tests <1b>[0;32mOK<1b>[0m
test_rcpparmadillo.R.......... 21 tests <1b>[0;32mOK<1b>[0m
test_rcpparmadillo.R.......... 21 tests <1b>[0;32mOK<1b>[0m
test_rcpparmadillo.R.......... 21 tests <1b>[0;32mOK<1b>[0m
test_rcpparmadillo.R.......... 22 tests <1b>[0;32mOK<1b>[0m
test_rcpparmadillo.R.......... 22 tests <1b>[0;32mOK<1b>[0m
test_rcpparmadillo.R.......... 22 tests <1b>[0;32mOK<1b>[0m
test_rcpparmadillo.R.......... 23 tests <1b>[0;32mOK<1b>[0m
test_rcpparmadillo.R.......... 23 tests <1b>[0;32mOK<1b>[0m
test_rcpparmadillo.R.......... 23 tests <1b>[0;32mOK<1b>[0m
test_rcpparmadillo.R.......... 24 tests <1b>[0;32mOK<1b>[0m
test_rcpparmadillo.R.......... 24 tests <1b>[0;32mOK<1b>[0m
test_rcpparmadillo.R.......... 24 tests <1b>[0;32mOK<1b>[0m
test_rcpparmadillo.R.......... 25 tests <1b>[0;32mOK<1b>[0m
test_rcpparmadillo.R.......... 25 tests <1b>[0;32mOK<1b>[0m
test_rcpparmadillo.R.......... 25 tests <1b>[0;32mOK<1b>[0m
test_rcpparmadillo.R.......... 26 tests <1b>[0;32mOK<1b>[0m
test_rcpparmadillo.R.......... 26 tests <1b>[0;32mOK<1b>[0m
test_rcpparmadillo.R.......... 26 tests <1b>[0;32mOK<1b>[0m
test_rcpparmadillo.R.......... 27 tests <1b>[0;32mOK<1b>[0m
test_rcpparmadillo.R.......... 27 tests <1b>[0;32mOK<1b>[0m
test_rcpparmadillo.R.......... 27 tests <1b>[0;32mOK<1b>[0m
test_rcpparmadillo.R.......... 28 tests <1b>[0;32mOK<1b>[0m
test_rcpparmadillo.R.......... 28 tests <1b>[0;32mOK<1b>[0m
test_rcpparmadillo.R.......... 28 tests <1b>[0;32mOK<1b>[0m
test_rcpparmadillo.R.......... 29 tests <1b>[0;32mOK<1b>[0m
test_rcpparmadillo.R.......... 29 tests <1b>[0;32mOK<1b>[0m
test_rcpparmadillo.R.......... 29 tests <1b>[0;32mOK<1b>[0m
test_rcpparmadillo.R.......... 30 tests <1b>[0;32mOK<1b>[0m
test_rcpparmadillo.R.......... 30 tests <1b>[0;32mOK<1b>[0m
test_rcpparmadillo.R.......... 30 tests <1b>[0;32mOK<1b>[0m
test_rcpparmadillo.R.......... 31 tests <1b>[0;32mOK<1b>[0m
test_rcpparmadillo.R.......... 31 tests <1b>[0;32mOK<1b>[0m
test_rcpparmadillo.R.......... 31 tests <1b>[0;32mOK<1b>[0m
test_rcpparmadillo.R.......... 32 tests <1b>[0;32mOK<1b>[0m
test_rcpparmadillo.R.......... 32 tests <1b>[0;32mOK<1b>[0m
test_rcpparmadillo.R.......... 32 tests <1b>[0;32mOK<1b>[0m
test_rcpparmadillo.R.......... 33 tests <1b>[0;32mOK<1b>[0m
test_rcpparmadillo.R.......... 34 tests <1b>[0;32mOK<1b>[0m
test_rcpparmadillo.R.......... 35 tests <1b>[0;32mOK<1b>[0m
test_rcpparmadillo.R.......... 36 tests <1b>[0;32mOK<1b>[0m
test_rcpparmadillo.R.......... 36 tests <1b>[0;32mOK<1b>[0m
test_rcpparmadillo.R.......... 37 tests <1b>[0;32mOK<1b>[0m
test_rcpparmadillo.R.......... 38 tests <1b>[0;32mOK<1b>[0m
test_rcpparmadillo.R.......... 39 tests <1b>[0;32mOK<1b>[0m
test_rcpparmadillo.R.......... 40 tests <1b>[0;32mOK<1b>[0m
test_rcpparmadillo.R.......... 40 tests <1b>[0;32mOK<1b>[0m
test_rcpparmadillo.R.......... 40 tests <1b>[0;32mOK<1b>[0m
test_rcpparmadillo.R.......... 40 tests <1b>[0;32mOK<1b>[0m
test_rcpparmadillo.R.......... 40 tests <1b>[0;32mOK<1b>[0m
test_rcpparmadillo.R.......... 41 tests <1b>[0;32mOK<1b>[0m
test_rcpparmadillo.R.......... 42 tests <1b>[0;32mOK<1b>[0m
test_rcpparmadillo.R.......... 43 tests <1b>[0;32mOK<1b>[0m
test_rcpparmadillo.R.......... 44 tests <1b>[0;32mOK<1b>[0m
test_rcpparmadillo.R.......... 45 tests <1b>[0;32mOK<1b>[0m
test_rcpparmadillo.R.......... 46 tests <1b>[0;32mOK<1b>[0m <1b>[0;34m1.2s<1b>[0m
test_rmultinom.R.............. 0 tests
test_rmultinom.R.............. 0 tests
test_rmultinom.R.............. 0 tests
test_rmultinom.R.............. 0 tests
test_rmultinom.R.............. 0 tests
test_rmultinom.R.............. 0 tests
test_rmultinom.R.............. 0 tests
test_rmultinom.R.............. 4 tests <1b>[0;32mOK<1b>[0m
test_rmultinom.R.............. 9 tests <1b>[0;32mOK<1b>[0m <1b>[0;34m23.0s<1b>[0m
test_rng.R.................... 0 tests
test_rng.R.................... 0 tests
test_rng.R.................... 0 tests
test_rng.R.................... 0 tests
test_rng.R.................... 0 tests
test_rng.R.................... 0 tests
test_rng.R.................... 1 tests <1b>[0;32mOK<1b>[0m
test_rng.R.................... 1 tests <1b>[0;32mOK<1b>[0m
test_rng.R.................... 1 tests <1b>[0;32mOK<1b>[0m
test_rng.R.................... 1 tests <1b>[0;32mOK<1b>[0m
test_rng.R.................... 1 tests <1b>[0;32mOK<1b>[0m
test_rng.R.................... 2 tests <1b>[0;32mOK<1b>[0m
test_rng.R.................... 2 tests <1b>[0;32mOK<1b>[0m
test_rng.R.................... 2 tests <1b>[0;32mOK<1b>[0m
test_rng.R.................... 2 tests <1b>[0;32mOK<1b>[0m
test_rng.R.................... 2 tests <1b>[0;32mOK<1b>[0m
test_rng.R.................... 3 tests <1b>[0;32mOK<1b>[0m
test_rng.R.................... 3 tests <1b>[0;32mOK<1b>[0m
test_rng.R.................... 3 tests <1b>[0;32mOK<1b>[0m
test_rng.R.................... 4 tests <1b>[0;32mOK<1b>[0m
test_rng.R.................... 5 tests <1b>[0;32mOK<1b>[0m
test_rng.R.................... 5 tests <1b>[0;32mOK<1b>[0m
test_rng.R.................... 5 tests <1b>[0;32mOK<1b>[0m
test_rng.R.................... 6 tests <1b>[0;32mOK<1b>[0m
test_rng.R.................... 7 tests <1b>[0;32mOK<1b>[0m
test_rng.R.................... 7 tests <1b>[0;32mOK<1b>[0m
test_rng.R.................... 7 tests <1b>[0;32mOK<1b>[0m
test_rng.R.................... 8 tests <1b>[0;32mOK<1b>[0m
test_rng.R.................... 9 tests <1b>[0;32mOK<1b>[0m
test_rng.R.................... 10 tests <1b>[0;32mOK<1b>[0m <1b>[0;34m23.4s<1b>[0m
test_sample.R................. 0 tests
test_sample.R................. 0 tests
test_sample.R................. 0 tests
test_sample.R................. 0 tests
test_sample.R................. 0 tests
test_sample.R................. 0 tests
test_sample.R................. 0 tests
test_sample.R................. 0 tests
test_sample.R................. 0 tests
test_sample.R................. 0 tests
test_sample.R................. 0 tests
test_sample.R................. 0 tests
test_sample.R................. 0 tests
test_sample.R................. 0 tests
test_sample.R................. 0 tests
test_sample.R................. 20 tests <1b>[0;32mOK<1b>[0m
test_sample.R................. 20 tests <1b>[0;32mOK<1b>[0m
test_sample.R................. 20 tests <1b>[0;32mOK<1b>[0m
test_sample.R................. 20 tests <1b>[0;32mOK<1b>[0m
test_sample.R................. 20 tests <1b>[0;32mOK<1b>[0m
test_sample.R................. 20 tests <1b>[0;32mOK<1b>[0m
test_sample.R................. 20 tests <1b>[0;32mOK<1b>[0m
test_sample.R................. 20 tests <1b>[0;32mOK<1b>[0m
test_sample.R................. 21 tests <1b>[0;32mOK<1b>[0m <1b>[0;34m27.7s<1b>[0m
test_scipy2r.R................ 0 tests
test_scipy2r.R................ 0 tests
test_scipy2r.R................ 0 tests
test_scipy2r.R................ 0 tests
test_scipy2r.R................ 0 tests
test_scipy2r.R................ 0 tests
test_scipy2r.R................ 0 tests
test_scipy2r.R................ 0 tests
test_scipy2r.R................ 0 tests
test_scipy2r.R................ 0 tests
test_scipy2r.R................ 0 tests
test_scipy2r.R................ 0 tests
test_scipy2r.R................ 0 tests
test_scipy2r.R................ 0 tests
test_scipy2r.R................ 0 tests
test_scipy2r.R................ 0 tests
test_scipy2r.R................ 1 tests <1b>[0;32mOK<1b>[0m
test_scipy2r.R................ 1 tests <1b>[0;32mOK<1b>[0m
test_scipy2r.R................ 1 tests <1b>[0;32mOK<1b>[0m
test_scipy2r.R................ 2 tests <1b>[0;32mOK<1b>[0m
test_scipy2r.R................ 2 tests <1b>[0;32mOK<1b>[0m
test_scipy2r.R................ 2 tests <1b>[0;32mOK<1b>[0m
test_scipy2r.R................ 3 tests <1b>[0;32mOK<1b>[0m
test_scipy2r.R................ 4 tests <1b>[0;31m1 fails<1b>[0m <1b>[0;34m4.4s<1b>[0m
test_sparse.R................. 0 tests
test_sparse.R................. 0 tests
test_sparse.R................. 0 tests
test_sparse.R................. 0 tests
test_sparse.R................. 0 tests
test_sparse.R................. 0 tests
test_sparse.R................. 0 tests
test_sparse.R................. 0 tests
test_sparse.R................. 0 tests
test_sparse.R................. 1 tests <1b>[0;32mOK<1b>[0m
test_sparse.R................. 2 tests <1b>[0;32mOK<1b>[0m
test_sparse.R................. 2 tests <1b>[0;32mOK<1b>[0m
test_sparse.R................. 3 tests <1b>[0;32mOK<1b>[0m
test_sparse.R................. 3 tests <1b>[0;32mOK<1b>[0m
test_sparse.R................. 3 tests <1b>[0;32mOK<1b>[0m
test_sparse.R................. 3 tests <1b>[0;32mOK<1b>[0m
test_sparse.R................. 3 tests <1b>[0;32mOK<1b>[0m
test_sparse.R................. 3 tests <1b>[0;32mOK<1b>[0m
test_sparse.R................. 4 tests <1b>[0;32mOK<1b>[0m
test_sparse.R................. 5 tests <1b>[0;32mOK<1b>[0m
test_sparse.R................. 6 tests <1b>[0;32mOK<1b>[0m
test_sparse.R................. 7 tests <1b>[0;32mOK<1b>[0m
test_sparse.R................. 7 tests <1b>[0;32mOK<1b>[0m
test_sparse.R................. 7 tests <1b>[0;32mOK<1b>[0m
test_sparse.R................. 7 tests <1b>[0;32mOK<1b>[0m
test_sparse.R................. 7 tests <1b>[0;32mOK<1b>[0m
test_sparse.R................. 7 tests <1b>[0;32mOK<1b>[0m
test_sparse.R................. 7 tests <1b>[0;32mOK<1b>[0m
test_sparse.R................. 8 tests <1b>[0;32mOK<1b>[0m
test_sparse.R................. 8 tests <1b>[0;32mOK<1b>[0m
test_sparse.R................. 8 tests <1b>[0;32mOK<1b>[0m
test_sparse.R................. 8 tests <1b>[0;32mOK<1b>[0m
test_sparse.R................. 8 tests <1b>[0;32mOK<1b>[0m
test_sparse.R................. 9 tests <1b>[0;32mOK<1b>[0m
test_sparse.R................. 9 tests <1b>[0;32mOK<1b>[0m
test_sparse.R................. 9 tests <1b>[0;32mOK<1b>[0m
test_sparse.R................. 10 tests <1b>[0;32mOK<1b>[0m
test_sparse.R................. 10 tests <1b>[0;32mOK<1b>[0m
test_sparse.R................. 10 tests <1b>[0;32mOK<1b>[0m
test_sparse.R................. 11 tests <1b>[0;32mOK<1b>[0m
test_sparse.R................. 11 tests <1b>[0;32mOK<1b>[0m
test_sparse.R................. 11 tests <1b>[0;32mOK<1b>[0m
test_sparse.R................. 12 tests <1b>[0;32mOK<1b>[0m <1b>[0;34m35.6s<1b>[0m
test_sparseConversion.R....... 0 tests
test_sparseConversion.R....... 0 tests
test_sparseConversion.R....... 0 tests
test_sparseConversion.R....... 0 tests
test_sparseConversion.R....... 0 tests
test_sparseConversion.R....... 0 tests
test_sparseConversion.R....... 0 tests
test_sparseConversion.R....... 0 tests
test_sparseConversion.R....... 0 tests
test_sparseConversion.R....... 0 tests
test_sparseConversion.R....... 1 tests <1b>[0;32mOK<1b>[0m
test_sparseConversion.R....... 1 tests <1b>[0;32mOK<1b>[0m
test_sparseConversion.R....... 2 tests <1b>[0;32mOK<1b>[0m
test_sparseConversion.R....... 2 tests <1b>[0;32mOK<1b>[0m
test_sparseConversion.R....... 2 tests <1b>[0;32mOK<1b>[0m
test_sparseConversion.R....... 2 tests <1b>[0;32mOK<1b>[0m
test_sparseConversion.R....... 2 tests <1b>[0;32mOK<1b>[0m
test_sparseConversion.R....... 2 tests <1b>[0;32mOK<1b>[0m
test_sparseConversion.R....... 3 tests <1b>[0;32mOK<1b>[0m
test_sparseConversion.R....... 3 tests <1b>[0;32mOK<1b>[0m
test_sparseConversion.R....... 3 tests <1b>[0;32mOK<1b>[0m
test_sparseConversion.R....... 4 tests <1b>[0;32mOK<1b>[0m
test_sparseConversion.R....... 4 tests <1b>[0;32mOK<1b>[0m
test_sparseConversion.R....... 4 tests <1b>[0;32mOK<1b>[0m
test_sparseConversion.R....... 4 tests <1b>[0;32mOK<1b>[0m
test_sparseConversion.R....... 5 tests <1b>[0;32mOK<1b>[0m
test_sparseConversion.R....... 5 tests <1b>[0;32mOK<1b>[0m
test_sparseConversion.R....... 5 tests <1b>[0;32mOK<1b>[0m
test_sparseConversion.R....... 5 tests <1b>[0;32mOK<1b>[0m
test_sparseConversion.R....... 5 tests <1b>[0;32mOK<1b>[0m
test_sparseConversion.R....... 6 tests <1b>[0;32mOK<1b>[0m
test_sparseConversion.R....... 6 tests <1b>[0;32mOK<1b>[0m
test_sparseConversion.R....... 6 tests <1b>[0;32mOK<1b>[0m
test_sparseConversion.R....... 7 tests <1b>[0;32mOK<1b>[0m
test_sparseConversion.R....... 7 tests <1b>[0;32mOK<1b>[0m
test_sparseConversion.R....... 7 tests <1b>[0;32mOK<1b>[0m
test_sparseConversion.R....... 8 tests <1b>[0;32mOK<1b>[0m
test_sparseConversion.R....... 8 tests <1b>[0;32mOK<1b>[0m
test_sparseConversion.R....... 9 tests <1b>[0;32mOK<1b>[0m
test_sparseConversion.R....... 9 tests <1b>[0;32mOK<1b>[0m
test_sparseConversion.R....... 9 tests <1b>[0;32mOK<1b>[0m
test_sparseConversion.R....... 9 tests <1b>[0;32mOK<1b>[0m
test_sparseConversion.R....... 9 tests <1b>[0;32mOK<1b>[0m
test_sparseConversion.R....... 9 tests <1b>[0;32mOK<1b>[0m
test_sparseConversion.R....... 10 tests <1b>[0;32mOK<1b>[0m
test_sparseConversion.R....... 10 tests <1b>[0;32mOK<1b>[0m
test_sparseConversion.R....... 10 tests <1b>[0;32mOK<1b>[0m
test_sparseConversion.R....... 10 tests <1b>[0;32mOK<1b>[0m
test_sparseConversion.R....... 10 tests <1b>[0;32mOK<1b>[0m
test_sparseConversion.R....... 10 tests <1b>[0;32mOK<1b>[0m
test_sparseConversion.R....... 11 tests <1b>[0;32mOK<1b>[0m
test_sparseConversion.R....... 11 tests <1b>[0;32mOK<1b>[0m
test_sparseConversion.R....... 12 tests <1b>[0;32mOK<1b>[0m
test_sparseConversion.R....... 12 tests <1b>[0;32mOK<1b>[0m
test_sparseConversion.R....... 12 tests <1b>[0;32mOK<1b>[0m
test_sparseConversion.R....... 12 tests <1b>[0;32mOK<1b>[0m
test_sparseConversion.R....... 12 tests <1b>[0;32mOK<1b>[0m
test_sparseConversion.R....... 13 tests <1b>[0;32mOK<1b>[0m
test_sparseConversion.R....... 13 tests <1b>[0;32mOK<1b>[0m
test_sparseConversion.R....... 14 tests <1b>[0;32mOK<1b>[0m
test_sparseConversion.R....... 14 tests <1b>[0;32mOK<1b>[0m
test_sparseConversion.R....... 14 tests <1b>[0;32mOK<1b>[0m
test_sparseConversion.R....... 15 tests <1b>[0;32mOK<1b>[0m
test_sparseConversion.R....... 15 tests <1b>[0;32mOK<1b>[0m
test_sparseConversion.R....... 15 tests <1b>[0;32mOK<1b>[0m
test_sparseConversion.R....... 16 tests <1b>[0;32mOK<1b>[0m
test_sparseConversion.R....... 16 tests <1b>[0;32mOK<1b>[0m
test_sparseConversion.R....... 16 tests <1b>[0;32mOK<1b>[0m
test_sparseConversion.R....... 16 tests <1b>[0;32mOK<1b>[0m
test_sparseConversion.R....... 16 tests <1b>[0;32mOK<1b>[0m
test_sparseConversion.R....... 16 tests <1b>[0;32mOK<1b>[0m
test_sparseConversion.R....... 17 tests <1b>[0;32mOK<1b>[0m
test_sparseConversion.R....... 17 tests <1b>[0;32mOK<1b>[0m
test_sparseConversion.R....... 17 tests <1b>[0;32mOK<1b>[0m
test_sparseConversion.R....... 18 tests <1b>[0;32mOK<1b>[0m
test_sparseConversion.R....... 18 tests <1b>[0;32mOK<1b>[0m
test_sparseConversion.R....... 18 tests <1b>[0;32mOK<1b>[0m
test_sparseConversion.R....... 18 tests <1b>[0;32mOK<1b>[0m
test_sparseConversion.R....... 18 tests <1b>[0;32mOK<1b>[0m
test_sparseConversion.R....... 18 tests <1b>[0;32mOK<1b>[0m
test_sparseConversion.R....... 19 tests <1b>[0;32mOK<1b>[0m
test_sparseConversion.R....... 19 tests <1b>[0;32mOK<1b>[0m
test_sparseConversion.R....... 19 tests <1b>[0;32mOK<1b>[0m
test_sparseConversion.R....... 20 tests <1b>[0;32mOK<1b>[0m
test_sparseConversion.R....... 20 tests <1b>[0;32mOK<1b>[0m
test_sparseConversion.R....... 20 tests <1b>[0;32mOK<1b>[0m
test_sparseConversion.R....... 21 tests <1b>[0;32mOK<1b>[0m
test_sparseConversion.R....... 21 tests <1b>[0;32mOK<1b>[0m
test_sparseConversion.R....... 21 tests <1b>[0;32mOK<1b>[0m
test_sparseConversion.R....... 22 tests <1b>[0;32mOK<1b>[0m
test_sparseConversion.R....... 22 tests <1b>[0;32mOK<1b>[0m
test_sparseConversion.R....... 22 tests <1b>[0;32mOK<1b>[0m
test_sparseConversion.R....... 22 tests <1b>[0;32mOK<1b>[0m
test_sparseConversion.R....... 22 tests <1b>[0;32mOK<1b>[0m
test_sparseConversion.R....... 23 tests <1b>[0;32mOK<1b>[0m
test_sparseConversion.R....... 23 tests <1b>[0;32mOK<1b>[0m
test_sparseConversion.R....... 24 tests <1b>[0;32mOK<1b>[0m
test_sparseConversion.R....... 24 tests <1b>[0;32mOK<1b>[0m
test_sparseConversion.R....... 24 tests <1b>[0;32mOK<1b>[0m
test_sparseConversion.R....... 25 tests <1b>[0;32mOK<1b>[0m
test_sparseConversion.R....... 25 tests <1b>[0;32mOK<1b>[0m
test_sparseConversion.R....... 25 tests <1b>[0;32mOK<1b>[0m
test_sparseConversion.R....... 25 tests <1b>[0;32mOK<1b>[0m
test_sparseConversion.R....... 25 tests <1b>[0;32mOK<1b>[0m
test_sparseConversion.R....... 25 tests <1b>[0;32mOK<1b>[0m
test_sparseConversion.R....... 26 tests <1b>[0;32mOK<1b>[0m
test_sparseConversion.R....... 26 tests <1b>[0;32mOK<1b>[0m
test_sparseConversion.R....... 26 tests <1b>[0;32mOK<1b>[0m
test_sparseConversion.R....... 26 tests <1b>[0;32mOK<1b>[0m
test_sparseConversion.R....... 26 tests <1b>[0;32mOK<1b>[0m
test_sparseConversion.R....... 27 tests <1b>[0;32mOK<1b>[0m
test_sparseConversion.R....... 27 tests <1b>[0;32mOK<1b>[0m
test_sparseConversion.R....... 27 tests <1b>[0;32mOK<1b>[0m
test_sparseConversion.R....... 28 tests <1b>[0;32mOK<1b>[0m
test_sparseConversion.R....... 28 tests <1b>[0;32mOK<1b>[0m
test_sparseConversion.R....... 28 tests <1b>[0;32mOK<1b>[0m
test_sparseConversion.R....... 28 tests <1b>[0;32mOK<1b>[0m
test_sparseConversion.R....... 29 tests <1b>[0;32mOK<1b>[0m
test_sparseConversion.R....... 29 tests <1b>[0;32mOK<1b>[0m
test_sparseConversion.R....... 29 tests <1b>[0;32mOK<1b>[0m
test_sparseConversion.R....... 30 tests <1b>[0;32mOK<1b>[0m
test_sparseConversion.R....... 31 tests <1b>[0;32mOK<1b>[0m
test_sparseConversion.R....... 31 tests <1b>[0;32mOK<1b>[0m
test_sparseConversion.R....... 31 tests <1b>[0;32mOK<1b>[0m
test_sparseConversion.R....... 31 tests <1b>[0;32mOK<1b>[0m
test_sparseConversion.R....... 32 tests <1b>[0;32mOK<1b>[0m
test_sparseConversion.R....... 32 tests <1b>[0;32mOK<1b>[0m
test_sparseConversion.R....... 32 tests <1b>[0;32mOK<1b>[0m
test_sparseConversion.R....... 33 tests <1b>[0;32mOK<1b>[0m
test_sparseConversion.R....... 34 tests <1b>[0;32mOK<1b>[0m
test_sparseConversion.R....... 34 tests <1b>[0;32mOK<1b>[0m
test_sparseConversion.R....... 34 tests <1b>[0;32mOK<1b>[0m
test_sparseConversion.R....... 35 tests <1b>[0;32mOK<1b>[0m
test_sparseConversion.R....... 35 tests <1b>[0;32mOK<1b>[0m
test_sparseConversion.R....... 35 tests <1b>[0;32mOK<1b>[0m
test_sparseConversion.R....... 35 tests <1b>[0;32mOK<1b>[0m
test_sparseConversion.R....... 35 tests <1b>[0;32mOK<1b>[0m
test_sparseConversion.R....... 35 tests <1b>[0;32mOK<1b>[0m
test_sparseConversion.R....... 35 tests <1b>[0;32mOK<1b>[0m
test_sparseConversion.R....... 36 tests <1b>[0;32mOK<1b>[0m
test_sparseConversion.R....... 36 tests <1b>[0;32mOK<1b>[0m
test_sparseConversion.R....... 36 tests <1b>[0;32mOK<1b>[0m
test_sparseConversion.R....... 36 tests <1b>[0;32mOK<1b>[0m
test_sparseConversion.R....... 36 tests <1b>[0;32mOK<1b>[0m
test_sparseConversion.R....... 36 tests <1b>[0;32mOK<1b>[0m
test_sparseConversion.R....... 36 tests <1b>[0;32mOK<1b>[0m
test_sparseConversion.R....... 37 tests <1b>[0;32mOK<1b>[0m
test_sparseConversion.R....... 37 tests <1b>[0;32mOK<1b>[0m
test_sparseConversion.R....... 37 tests <1b>[0;32mOK<1b>[0m
test_sparseConversion.R....... 37 tests <1b>[0;32mOK<1b>[0m
test_sparseConversion.R....... 37 tests <1b>[0;32mOK<1b>[0m
test_sparseConversion.R....... 37 tests <1b>[0;32mOK<1b>[0m
test_sparseConversion.R....... 37 tests <1b>[0;32mOK<1b>[0m
test_sparseConversion.R....... 37 tests <1b>[0;32mOK<1b>[0m
test_sparseConversion.R....... 37 tests <1b>[0;32mOK<1b>[0m
test_sparseConversion.R....... 38 tests <1b>[0;32mOK<1b>[0m
test_sparseConversion.R....... 38 tests <1b>[0;32mOK<1b>[0m
test_sparseConversion.R....... 38 tests <1b>[0;32mOK<1b>[0m
test_sparseConversion.R....... 38 tests <1b>[0;32mOK<1b>[0m
test_sparseConversion.R....... 39 tests <1b>[0;32mOK<1b>[0m
test_sparseConversion.R....... 39 tests <1b>[0;32mOK<1b>[0m
test_sparseConversion.R....... 39 tests <1b>[0;32mOK<1b>[0m
test_sparseConversion.R....... 39 tests <1b>[0;32mOK<1b>[0m
test_sparseConversion.R....... 40 tests <1b>[0;32mOK<1b>[0m
test_sparseConversion.R....... 40 tests <1b>[0;32mOK<1b>[0m
test_sparseConversion.R....... 40 tests <1b>[0;32mOK<1b>[0m
test_sparseConversion.R....... 40 tests <1b>[0;32mOK<1b>[0m
test_sparseConversion.R....... 41 tests <1b>[0;32mOK<1b>[0m
test_sparseConversion.R....... 41 tests <1b>[0;32mOK<1b>[0m
test_sparseConversion.R....... 41 tests <1b>[0;32mOK<1b>[0m
test_sparseConversion.R....... 42 tests <1b>[0;32mOK<1b>[0m
test_sparseConversion.R....... 42 tests <1b>[0;32mOK<1b>[0m
test_sparseConversion.R....... 42 tests <1b>[0;32mOK<1b>[0m
test_sparseConversion.R....... 43 tests <1b>[0;32mOK<1b>[0m
test_sparseConversion.R....... 43 tests <1b>[0;32mOK<1b>[0m
test_sparseConversion.R....... 43 tests <1b>[0;32mOK<1b>[0m
test_sparseConversion.R....... 43 tests <1b>[0;32mOK<1b>[0m
test_sparseConversion.R....... 43 tests <1b>[0;32mOK<1b>[0m
test_sparseConversion.R....... 43 tests <1b>[0;32mOK<1b>[0m
test_sparseConversion.R....... 44 tests <1b>[0;32mOK<1b>[0m
test_sparseConversion.R....... 44 tests <1b>[0;32mOK<1b>[0m
test_sparseConversion.R....... 44 tests <1b>[0;32mOK<1b>[0m
test_sparseConversion.R....... 44 tests <1b>[0;32mOK<1b>[0m
test_sparseConversion.R....... 44 tests <1b>[0;32mOK<1b>[0m
test_sparseConversion.R....... 44 tests <1b>[0;32mOK<1b>[0m
test_sparseConversion.R....... 45 tests <1b>[0;32mOK<1b>[0m
test_sparseConversion.R....... 45 tests <1b>[0;32mOK<1b>[0m
test_sparseConversion.R....... 45 tests <1b>[0;32mOK<1b>[0m
test_sparseConversion.R....... 45 tests <1b>[0;32mOK<1b>[0m
test_sparseConversion.R....... 45 tests <1b>[0;32mOK<1b>[0m
test_sparseConversion.R....... 45 tests <1b>[0;32mOK<1b>[0m
test_sparseConversion.R....... 45 tests <1b>[0;32mOK<1b>[0m
test_sparseConversion.R....... 46 tests <1b>[0;32mOK<1b>[0m
test_sparseConversion.R....... 46 tests <1b>[0;32mOK<1b>[0m
test_sparseConversion.R....... 46 tests <1b>[0;32mOK<1b>[0m
test_sparseConversion.R....... 46 tests <1b>[0;32mOK<1b>[0m
test_sparseConversion.R....... 46 tests <1b>[0;32mOK<1b>[0m
test_sparseConversion.R....... 46 tests <1b>[0;32mOK<1b>[0m
test_sparseConversion.R....... 47 tests <1b>[0;32mOK<1b>[0m
test_sparseConversion.R....... 47 tests <1b>[0;32mOK<1b>[0m
test_sparseConversion.R....... 47 tests <1b>[0;32mOK<1b>[0m
test_sparseConversion.R....... 47 tests <1b>[0;32mOK<1b>[0m
test_sparseConversion.R....... 47 tests <1b>[0;32mOK<1b>[0m
test_sparseConversion.R....... 47 tests <1b>[0;32mOK<1b>[0m
test_sparseConversion.R....... 48 tests <1b>[0;32mOK<1b>[0m
test_sparseConversion.R....... 48 tests <1b>[0;32mOK<1b>[0m
test_sparseConversion.R....... 48 tests <1b>[0;32mOK<1b>[0m
test_sparseConversion.R....... 48 tests <1b>[0;32mOK<1b>[0m
test_sparseConversion.R....... 48 tests <1b>[0;32mOK<1b>[0m
test_sparseConversion.R....... 49 tests <1b>[0;32mOK<1b>[0m
test_sparseConversion.R....... 49 tests <1b>[0;32mOK<1b>[0m
test_sparseConversion.R....... 49 tests <1b>[0;32mOK<1b>[0m
test_sparseConversion.R....... 50 tests <1b>[0;32mOK<1b>[0m
test_sparseConversion.R....... 50 tests <1b>[0;32mOK<1b>[0m
test_sparseConversion.R....... 50 tests <1b>[0;32mOK<1b>[0m
test_sparseConversion.R....... 50 tests <1b>[0;32mOK<1b>[0m
test_sparseConversion.R....... 50 tests <1b>[0;32mOK<1b>[0m
test_sparseConversion.R....... 50 tests <1b>[0;32mOK<1b>[0m
test_sparseConversion.R....... 50 tests <1b>[0;32mOK<1b>[0m
test_sparseConversion.R....... 50 tests <1b>[0;32mOK<1b>[0m
test_sparseConversion.R....... 51 tests <1b>[0;32mOK<1b>[0m
test_sparseConversion.R....... 51 tests <1b>[0;32mOK<1b>[0m
test_sparseConversion.R....... 51 tests <1b>[0;32mOK<1b>[0m
test_sparseConversion.R....... 51 tests <1b>[0;32mOK<1b>[0m
test_sparseConversion.R....... 51 tests <1b>[0;32mOK<1b>[0m
test_sparseConversion.R....... 51 tests <1b>[0;32mOK<1b>[0m
test_sparseConversion.R....... 51 tests <1b>[0;32mOK<1b>[0m
test_sparseConversion.R....... 51 tests <1b>[0;32mOK<1b>[0m
test_sparseConversion.R....... 51 tests <1b>[0;32mOK<1b>[0m
test_sparseConversion.R....... 51 tests <1b>[0;32mOK<1b>[0m
test_sparseConversion.R....... 52 tests <1b>[0;32mOK<1b>[0m
test_sparseConversion.R....... 52 tests <1b>[0;32mOK<1b>[0m
test_sparseConversion.R....... 52 tests <1b>[0;32mOK<1b>[0m
test_sparseConversion.R....... 52 tests <1b>[0;32mOK<1b>[0m
test_sparseConversion.R....... 52 tests <1b>[0;32mOK<1b>[0m
test_sparseConversion.R....... 52 tests <1b>[0;32mOK<1b>[0m
test_sparseConversion.R....... 52 tests <1b>[0;32mOK<1b>[0m
test_sparseConversion.R....... 53 tests <1b>[0;32mOK<1b>[0m
test_sparseConversion.R....... 53 tests <1b>[0;32mOK<1b>[0m
test_sparseConversion.R....... 53 tests <1b>[0;32mOK<1b>[0m
test_sparseConversion.R....... 53 tests <1b>[0;32mOK<1b>[0m
test_sparseConversion.R....... 54 tests <1b>[0;32mOK<1b>[0m
test_sparseConversion.R....... 54 tests <1b>[0;32mOK<1b>[0m
test_sparseConversion.R....... 54 tests <1b>[0;32mOK<1b>[0m
test_sparseConversion.R....... 54 tests <1b>[0;32mOK<1b>[0m
test_sparseConversion.R....... 54 tests <1b>[0;32mOK<1b>[0m
test_sparseConversion.R....... 54 tests <1b>[0;32mOK<1b>[0m
test_sparseConversion.R....... 55 tests <1b>[0;32mOK<1b>[0m
test_sparseConversion.R....... 55 tests <1b>[0;32mOK<1b>[0m
test_sparseConversion.R....... 55 tests <1b>[0;32mOK<1b>[0m
test_sparseConversion.R....... 55 tests <1b>[0;32mOK<1b>[0m
test_sparseConversion.R....... 55 tests <1b>[0;32mOK<1b>[0m
test_sparseConversion.R....... 55 tests <1b>[0;32mOK<1b>[0m
test_sparseConversion.R....... 56 tests <1b>[0;32mOK<1b>[0m
test_sparseConversion.R....... 56 tests <1b>[0;32mOK<1b>[0m
test_sparseConversion.R....... 56 tests <1b>[0;32mOK<1b>[0m
test_sparseConversion.R....... 56 tests <1b>[0;32mOK<1b>[0m
test_sparseConversion.R....... 56 tests <1b>[0;32mOK<1b>[0m
test_sparseConversion.R....... 56 tests <1b>[0;32mOK<1b>[0m
test_sparseConversion.R....... 57 tests <1b>[0;32mOK<1b>[0m
test_sparseConversion.R....... 57 tests <1b>[0;32mOK<1b>[0m
test_sparseConversion.R....... 57 tests <1b>[0;32mOK<1b>[0m
test_sparseConversion.R....... 57 tests <1b>[0;32mOK<1b>[0m
test_sparseConversion.R....... 57 tests <1b>[0;32mOK<1b>[0m
test_sparseConversion.R....... 57 tests <1b>[0;32mOK<1b>[0m
test_sparseConversion.R....... 57 tests <1b>[0;32mOK<1b>[0m
test_sparseConversion.R....... 58 tests <1b>[0;32mOK<1b>[0m
test_sparseConversion.R....... 58 tests <1b>[0;32mOK<1b>[0m
test_sparseConversion.R....... 58 tests <1b>[0;32mOK<1b>[0m
test_sparseConversion.R....... 58 tests <1b>[0;32mOK<1b>[0m
test_sparseConversion.R....... 59 tests <1b>[0;32mOK<1b>[0m
test_sparseConversion.R....... 59 tests <1b>[0;32mOK<1b>[0m
test_sparseConversion.R....... 59 tests <1b>[0;32mOK<1b>[0m
test_sparseConversion.R....... 59 tests <1b>[0;32mOK<1b>[0m
test_sparseConversion.R....... 59 tests <1b>[0;32mOK<1b>[0m
test_sparseConversion.R....... 59 tests <1b>[0;32mOK<1b>[0m
test_sparseConversion.R....... 60 tests <1b>[0;32mOK<1b>[0m
test_sparseConversion.R....... 60 tests <1b>[0;32mOK<1b>[0m
test_sparseConversion.R....... 60 tests <1b>[0;32mOK<1b>[0m
test_sparseConversion.R....... 60 tests <1b>[0;32mOK<1b>[0m
test_sparseConversion.R....... 60 tests <1b>[0;32mOK<1b>[0m
test_sparseConversion.R....... 60 tests <1b>[0;32mOK<1b>[0m
test_sparseConversion.R....... 60 tests <1b>[0;32mOK<1b>[0m
test_sparseConversion.R....... 61 tests <1b>[0;32mOK<1b>[0m
test_sparseConversion.R....... 61 tests <1b>[0;32mOK<1b>[0m
test_sparseConversion.R....... 61 tests <1b>[0;32mOK<1b>[0m
test_sparseConversion.R....... 61 tests <1b>[0;32mOK<1b>[0m
test_sparseConversion.R....... 61 tests <1b>[0;32mOK<1b>[0m
test_sparseConversion.R....... 61 tests <1b>[0;32mOK<1b>[0m
test_sparseConversion.R....... 61 tests <1b>[0;32mOK<1b>[0m
test_sparseConversion.R....... 62 tests <1b>[0;32mOK<1b>[0m
test_sparseConversion.R....... 62 tests <1b>[0;32mOK<1b>[0m
test_sparseConversion.R....... 62 tests <1b>[0;32mOK<1b>[0m
test_sparseConversion.R....... 62 tests <1b>[0;32mOK<1b>[0m
test_sparseConversion.R....... 63 tests <1b>[0;32mOK<1b>[0m
test_sparseConversion.R....... 63 tests <1b>[0;32mOK<1b>[0m
test_sparseConversion.R....... 63 tests <1b>[0;32mOK<1b>[0m
test_sparseConversion.R....... 63 tests <1b>[0;32mOK<1b>[0m
test_sparseConversion.R....... 63 tests <1b>[0;32mOK<1b>[0m
test_sparseConversion.R....... 63 tests <1b>[0;32mOK<1b>[0m
test_sparseConversion.R....... 64 tests <1b>[0;32mOK<1b>[0m
test_sparseConversion.R....... 64 tests <1b>[0;32mOK<1b>[0m
test_sparseConversion.R....... 64 tests <1b>[0;32mOK<1b>[0m
test_sparseConversion.R....... 65 tests <1b>[0;32mOK<1b>[0m
test_sparseConversion.R....... 65 tests <1b>[0;32mOK<1b>[0m
test_sparseConversion.R....... 65 tests <1b>[0;32mOK<1b>[0m
test_sparseConversion.R....... 66 tests <1b>[0;32mOK<1b>[0m
test_sparseConversion.R....... 66 tests <1b>[0;32mOK<1b>[0m
test_sparseConversion.R....... 66 tests <1b>[0;32mOK<1b>[0m
test_sparseConversion.R....... 67 tests <1b>[0;32mOK<1b>[0m
test_sparseConversion.R....... 67 tests <1b>[0;32mOK<1b>[0m
test_sparseConversion.R....... 67 tests <1b>[0;32mOK<1b>[0m
test_sparseConversion.R....... 67 tests <1b>[0;32mOK<1b>[0m
test_sparseConversion.R....... 68 tests <1b>[0;32mOK<1b>[0m
test_sparseConversion.R....... 68 tests <1b>[0;32mOK<1b>[0m
test_sparseConversion.R....... 68 tests <1b>[0;32mOK<1b>[0m
test_sparseConversion.R....... 68 tests <1b>[0;32mOK<1b>[0m
test_sparseConversion.R....... 68 tests <1b>[0;32mOK<1b>[0m
test_sparseConversion.R....... 68 tests <1b>[0;32mOK<1b>[0m
test_sparseConversion.R....... 69 tests <1b>[0;32mOK<1b>[0m
test_sparseConversion.R....... 69 tests <1b>[0;32mOK<1b>[0m
test_sparseConversion.R....... 69 tests <1b>[0;32mOK<1b>[0m
test_sparseConversion.R....... 70 tests <1b>[0;32mOK<1b>[0m
test_sparseConversion.R....... 70 tests <1b>[0;32mOK<1b>[0m
test_sparseConversion.R....... 70 tests <1b>[0;32mOK<1b>[0m
test_sparseConversion.R....... 70 tests <1b>[0;32mOK<1b>[0m
test_sparseConversion.R....... 70 tests <1b>[0;32mOK<1b>[0m
test_sparseConversion.R....... 71 tests <1b>[0;32mOK<1b>[0m
test_sparseConversion.R....... 71 tests <1b>[0;32mOK<1b>[0m
test_sparseConversion.R....... 71 tests <1b>[0;32mOK<1b>[0m
test_sparseConversion.R....... 71 tests <1b>[0;32mOK<1b>[0m
test_sparseConversion.R....... 71 tests <1b>[0;32mOK<1b>[0m
test_sparseConversion.R....... 72 tests <1b>[0;32mOK<1b>[0m
test_sparseConversion.R....... 72 tests <1b>[0;32mOK<1b>[0m
test_sparseConversion.R....... 72 tests <1b>[0;32mOK<1b>[0m
test_sparseConversion.R....... 72 tests <1b>[0;32mOK<1b>[0m
test_sparseConversion.R....... 72 tests <1b>[0;32mOK<1b>[0m
test_sparseConversion.R....... 72 tests <1b>[0;32mOK<1b>[0m
test_sparseConversion.R....... 73 tests <1b>[0;32mOK<1b>[0m
test_sparseConversion.R....... 73 tests <1b>[0;32mOK<1b>[0m
test_sparseConversion.R....... 73 tests <1b>[0;32mOK<1b>[0m
test_sparseConversion.R....... 73 tests <1b>[0;32mOK<1b>[0m
test_sparseConversion.R....... 73 tests <1b>[0;32mOK<1b>[0m
test_sparseConversion.R....... 73 tests <1b>[0;32mOK<1b>[0m
test_sparseConversion.R....... 74 tests <1b>[0;32mOK<1b>[0m
test_sparseConversion.R....... 74 tests <1b>[0;32mOK<1b>[0m
test_sparseConversion.R....... 74 tests <1b>[0;32mOK<1b>[0m
test_sparseConversion.R....... 74 tests <1b>[0;32mOK<1b>[0m
test_sparseConversion.R....... 74 tests <1b>[0;32mOK<1b>[0m
test_sparseConversion.R....... 74 tests <1b>[0;32mOK<1b>[0m
test_sparseConversion.R....... 75 tests <1b>[0;32mOK<1b>[0m
test_sparseConversion.R....... 75 tests <1b>[0;32mOK<1b>[0m
test_sparseConversion.R....... 75 tests <1b>[0;32mOK<1b>[0m
test_sparseConversion.R....... 75 tests <1b>[0;32mOK<1b>[0m
test_sparseConversion.R....... 75 tests <1b>[0;32mOK<1b>[0m
test_sparseConversion.R....... 75 tests <1b>[0;32mOK<1b>[0m
test_sparseConversion.R....... 75 tests <1b>[0;32mOK<1b>[0m
test_sparseConversion.R....... 76 tests <1b>[0;32mOK<1b>[0m
test_sparseConversion.R....... 76 tests <1b>[0;32mOK<1b>[0m
test_sparseConversion.R....... 76 tests <1b>[0;32mOK<1b>[0m
test_sparseConversion.R....... 77 tests <1b>[0;32mOK<1b>[0m
test_sparseConversion.R....... 77 tests <1b>[0;32mOK<1b>[0m
test_sparseConversion.R....... 77 tests <1b>[0;32mOK<1b>[0m
test_sparseConversion.R....... 77 tests <1b>[0;32mOK<1b>[0m
test_sparseConversion.R....... 78 tests <1b>[0;32mOK<1b>[0m
test_sparseConversion.R....... 78 tests <1b>[0;32mOK<1b>[0m
test_sparseConversion.R....... 78 tests <1b>[0;32mOK<1b>[0m
test_sparseConversion.R....... 78 tests <1b>[0;32mOK<1b>[0m
test_sparseConversion.R....... 79 tests <1b>[0;32mOK<1b>[0m
test_sparseConversion.R....... 79 tests <1b>[0;32mOK<1b>[0m
test_sparseConversion.R....... 79 tests <1b>[0;32mOK<1b>[0m
test_sparseConversion.R....... 79 tests <1b>[0;32mOK<1b>[0m
test_sparseConversion.R....... 80 tests <1b>[0;32mOK<1b>[0m
test_sparseConversion.R....... 80 tests <1b>[0;32mOK<1b>[0m
test_sparseConversion.R....... 80 tests <1b>[0;32mOK<1b>[0m
test_sparseConversion.R....... 81 tests <1b>[0;32mOK<1b>[0m
test_sparseConversion.R....... 81 tests <1b>[0;32mOK<1b>[0m
test_sparseConversion.R....... 81 tests <1b>[0;32mOK<1b>[0m
test_sparseConversion.R....... 82 tests <1b>[0;32mOK<1b>[0m
test_sparseConversion.R....... 82 tests <1b>[0;32mOK<1b>[0m
test_sparseConversion.R....... 82 tests <1b>[0;32mOK<1b>[0m
test_sparseConversion.R....... 83 tests <1b>[0;32mOK<1b>[0m
test_sparseConversion.R....... 83 tests <1b>[0;32mOK<1b>[0m
test_sparseConversion.R....... 83 tests <1b>[0;32mOK<1b>[0m
test_sparseConversion.R....... 84 tests <1b>[0;32mOK<1b>[0m
test_sparseConversion.R....... 84 tests <1b>[0;32mOK<1b>[0m
test_sparseConversion.R....... 84 tests <1b>[0;32mOK<1b>[0m
test_sparseConversion.R....... 84 tests <1b>[0;32mOK<1b>[0m
test_sparseConversion.R....... 84 tests <1b>[0;32mOK<1b>[0m
test_sparseConversion.R....... 85 tests <1b>[0;32mOK<1b>[0m
test_sparseConversion.R....... 85 tests <1b>[0;32mOK<1b>[0m <1b>[0;34m0.7s<1b>[0m
----- FAILED[xcpt]: test_scipy2r.R<78--78>
call| expect_error(sp$bsr_matrix(list(3, 4)))
diff| No error
Error: 1 out of 322 tests failed
Execution halted
Flavor: r-devel-linux-x86_64-debian-clang
Version: 0.12.8.2.1
Check: installed package size
Result: NOTE
installed size is 7.6Mb
sub-directories of 1Mb or more:
include 6.5Mb
Flavors: r-devel-linux-x86_64-fedora-clang, r-prerel-macos-arm64, r-prerel-macos-x86_64, r-prerel-windows-x86_64, r-release-macos-arm64, r-release-macos-x86_64, r-release-windows-x86_64, r-oldrel-macos-arm64, r-oldrel-windows-x86_64