Last updated on 2023-06-02 16:57:14 CEST.
Flavor | Version | Tinstall | Tcheck | Ttotal | Status | Flags |
---|---|---|---|---|---|---|
r-devel-linux-x86_64-debian-clang | 0.2.6 | 105.90 | 83.79 | 189.69 | NOTE | |
r-devel-linux-x86_64-debian-gcc | 0.2.6 | 97.92 | 64.30 | 162.22 | NOTE | |
r-devel-linux-x86_64-fedora-clang | 0.2.6 | 279.02 | NOTE | |||
r-devel-linux-x86_64-fedora-gcc | 0.2.6 | 305.62 | NOTE | |||
r-devel-windows-x86_64 | 0.2.6 | 77.00 | 122.00 | 199.00 | NOTE | |
r-patched-linux-x86_64 | 0.2.6 | NOTE | ||||
r-release-linux-x86_64 | 0.2.6 | 103.76 | 81.69 | 185.45 | NOTE | |
r-release-macos-arm64 | 0.2.6 | 68.00 | NOTE | |||
r-release-macos-x86_64 | 0.2.6 | 120.00 | NOTE | |||
r-release-windows-x86_64 | 0.2.6 | 84.00 | 154.00 | 238.00 | NOTE | |
r-oldrel-macos-arm64 | 0.2.6 | 67.00 | NOTE | |||
r-oldrel-macos-x86_64 | 0.2.6 | 83.00 | NOTE | |||
r-oldrel-windows-x86_64 | 0.2.6 | 114.00 | 130.00 | 244.00 | OK |
Version: 0.2.6
Check: C++ specification
Result: NOTE
Specified C++11: please drop specification unless essential
Flavors: r-devel-linux-x86_64-debian-clang, r-devel-linux-x86_64-debian-gcc, r-devel-linux-x86_64-fedora-clang, r-devel-linux-x86_64-fedora-gcc, r-devel-windows-x86_64, r-patched-linux-x86_64, r-release-linux-x86_64, r-release-macos-arm64, r-release-macos-x86_64, r-release-windows-x86_64
Version: 0.2.6
Check: installed package size
Result: NOTE
installed size is 9.4Mb
sub-directories of 1Mb or more:
libs 9.2Mb
Flavors: r-release-macos-arm64, r-release-macos-x86_64, r-oldrel-macos-arm64, r-oldrel-macos-x86_64