Last updated on 2024-04-24 00:55:55 CEST.
Flavor | Version | Tinstall | Tcheck | Ttotal | Status | Flags |
---|---|---|---|---|---|---|
r-devel-linux-x86_64-debian-clang | 1.1.0 | 50.59 | 105.94 | 156.53 | NOTE | |
r-devel-linux-x86_64-debian-gcc | 1.1.0 | 41.27 | 90.83 | 132.10 | NOTE | |
r-devel-linux-x86_64-fedora-clang | 1.1.0 | 225.69 | NOTE | |||
r-devel-linux-x86_64-fedora-gcc | 1.1.0 | 219.61 | NOTE | |||
r-prerel-macos-arm64 | 1.1.0 | 53.00 | OK | |||
r-prerel-windows-x86_64 | 1.1.0 | 48.00 | 87.00 | 135.00 | OK | |
r-patched-linux-x86_64 | 1.1.0 | 58.84 | 112.25 | 171.09 | OK | |
r-release-linux-x86_64 | 1.1.0 | 59.24 | 108.99 | 168.23 | OK | |
r-release-macos-arm64 | 1.1.0 | 53.00 | OK | |||
r-release-macos-x86_64 | 1.1.0 | 86.00 | OK | |||
r-release-windows-x86_64 | 1.1.0 | 44.00 | 106.00 | 150.00 | OK | |
r-oldrel-macos-arm64 | 1.1.0 | 54.00 | OK | |||
r-oldrel-windows-x86_64 | 1.1.0 | 50.00 | 110.00 | 160.00 | OK |
Version: 1.1.0
Check: compiled code
Result: NOTE
File ‘RcppBigIntAlgos/libs/RcppBigIntAlgos.so’:
Found non-API calls to R: ‘SETLENGTH’, ‘SET_TRUELENGTH’
Compiled code should not call non-API entry points in R.
See ‘Writing portable packages’ in the ‘Writing R Extensions’ manual.
Flavors: r-devel-linux-x86_64-debian-clang, r-devel-linux-x86_64-debian-gcc, r-devel-linux-x86_64-fedora-clang, r-devel-linux-x86_64-fedora-gcc