Last updated on 2024-04-19 16:58:54 CEST.
Flavor | Version | Tinstall | Tcheck | Ttotal | Status | Flags |
---|---|---|---|---|---|---|
r-devel-linux-x86_64-debian-clang | 0.2.12 | 47.50 | 31.29 | 78.79 | NOTE | |
r-devel-linux-x86_64-debian-gcc | 0.2.12 | NOTE | ||||
r-devel-linux-x86_64-fedora-clang | 0.2.12 | 133.86 | NOTE | |||
r-devel-linux-x86_64-fedora-gcc | 0.2.12 | 113.01 | NOTE | |||
r-prerel-macos-arm64 | 0.2.12 | 29.00 | NOTE | |||
r-prerel-windows-x86_64 | 0.2.12 | 43.00 | 72.00 | 115.00 | NOTE | |
r-patched-linux-x86_64 | 0.2.12 | 48.00 | 29.42 | 77.42 | NOTE | |
r-release-linux-x86_64 | 0.2.12 | 48.97 | 29.31 | 78.28 | NOTE | |
r-release-macos-arm64 | 0.2.12 | 34.00 | NOTE | |||
r-release-macos-x86_64 | 0.2.12 | 53.00 | NOTE | |||
r-release-windows-x86_64 | 0.2.12 | 47.00 | 83.00 | 130.00 | NOTE | |
r-oldrel-macos-arm64 | 0.2.12 | 32.00 | OK | |||
r-oldrel-windows-x86_64 | 0.2.12 | 49.00 | 78.00 | 127.00 | OK |
Version: 0.2.12
Check: C++ specification
Result: NOTE
Specified C++11: please drop specification unless essential
Flavors: r-devel-linux-x86_64-debian-clang, r-devel-linux-x86_64-debian-gcc, r-devel-linux-x86_64-fedora-clang, r-devel-linux-x86_64-fedora-gcc, r-prerel-macos-arm64, r-prerel-windows-x86_64, r-patched-linux-x86_64, r-release-linux-x86_64, r-release-macos-arm64, r-release-macos-x86_64, r-release-windows-x86_64