Last updated on 2023-05-22 17:01:31 CEST.
Flavor | Version | Tinstall | Tcheck | Ttotal | Status | Flags |
---|---|---|---|---|---|---|
r-devel-linux-x86_64-debian-clang | 0.6.0 | 73.89 | 80.32 | 154.21 | NOTE | |
r-devel-linux-x86_64-debian-gcc | 0.6.0 | 57.67 | 60.99 | 118.66 | NOTE | |
r-devel-linux-x86_64-fedora-clang | 0.6.0 | 205.66 | NOTE | |||
r-devel-linux-x86_64-fedora-gcc | 0.6.0 | 245.29 | NOTE | |||
r-devel-windows-x86_64 | 0.6.0 | 119.00 | 146.00 | 265.00 | NOTE | |
r-patched-linux-x86_64 | 0.6.0 | 61.26 | 73.37 | 134.63 | NOTE | |
r-release-linux-x86_64 | 0.6.0 | 61.48 | 74.01 | 135.49 | NOTE | |
r-release-macos-arm64 | 0.6.0 | 70.00 | NOTE | |||
r-release-macos-x86_64 | 0.6.0 | 112.00 | NOTE | |||
r-release-windows-x86_64 | 0.6.0 | 120.00 | 148.00 | 268.00 | NOTE | |
r-oldrel-macos-arm64 | 0.6.0 | 64.00 | NOTE | |||
r-oldrel-macos-x86_64 | 0.6.0 | 74.00 | NOTE | |||
r-oldrel-windows-x86_64 | 0.6.0 | 166.00 | 126.00 | 292.00 | NOTE |
Version: 0.6.0
Check: for GNU extensions in Makefiles
Result: NOTE
GNU make is a SystemRequirements.
Flavors: r-devel-linux-x86_64-debian-clang, r-devel-linux-x86_64-debian-gcc, r-devel-linux-x86_64-fedora-clang, r-devel-linux-x86_64-fedora-gcc, r-devel-windows-x86_64, r-patched-linux-x86_64, r-release-linux-x86_64, r-release-macos-arm64, r-release-macos-x86_64, r-release-windows-x86_64, r-oldrel-macos-arm64, r-oldrel-macos-x86_64, r-oldrel-windows-x86_64
Version: 0.6.0
Check: installed package size
Result: NOTE
installed size is 5.1Mb
sub-directories of 1Mb or more:
libs 3.8Mb
Flavors: r-devel-windows-x86_64, r-release-macos-arm64, r-release-macos-x86_64, r-release-windows-x86_64, r-oldrel-macos-arm64, r-oldrel-macos-x86_64, r-oldrel-windows-x86_64