CRAN Package Check Results for Package RcppClassic

Last updated on 2021-10-17 00:48:48 CEST.

Flavor Version Tinstall Tcheck Ttotal Status Flags
r-devel-linux-x86_64-debian-clang 0.9.12 83.56 30.26 113.82 OK
r-devel-linux-x86_64-debian-gcc 0.9.12 52.65 24.29 76.94 OK
r-devel-linux-x86_64-fedora-clang 0.9.12 198.36 NOTE
r-devel-linux-x86_64-fedora-gcc 0.9.12 155.26 OK
r-devel-windows-x86_64 0.9.12 94.00 93.00 187.00 OK
r-devel-windows-x86_64-gcc10-UCRT 0.9.12 OK
r-patched-linux-x86_64 0.9.12 73.49 29.56 103.05 OK
r-patched-solaris-x86 0.9.12 198.70 OK
r-release-linux-x86_64 0.9.12 69.36 29.36 98.72 OK
r-release-macos-arm64 0.9.12 WARN
r-release-macos-x86_64 0.9.12 WARN
r-release-windows-ix86+x86_64 0.9.12 168.00 184.00 352.00 OK
r-oldrel-macos-x86_64 0.9.12 WARN
r-oldrel-windows-ix86+x86_64 0.9.12 225.00 183.00 408.00 OK

Check Details

Version: 0.9.12
Check: installed package size
Result: NOTE
     installed size is 6.3Mb
     sub-directories of 1Mb or more:
     lib 4.5Mb
     libs 1.3Mb
Flavors: r-devel-linux-x86_64-fedora-clang, r-release-macos-arm64

Version: 0.9.12
Check: whether package can be installed
Result: WARN
    Found the following significant warnings:
     WARNING: shared objects/dynamic libraries with hard-coded temporary installation paths
Flavors: r-release-macos-arm64, r-release-macos-x86_64, r-oldrel-macos-x86_64