Last updated on 2023-05-28 23:14:08 CEST.
Flavor | Version | Tinstall | Tcheck | Ttotal | Status | Flags |
---|---|---|---|---|---|---|
r-devel-linux-x86_64-debian-clang | 1.0.0 | 25.59 | 50.54 | 76.13 | NOTE | |
r-devel-linux-x86_64-debian-gcc | 1.0.0 | 21.70 | 39.62 | 61.32 | NOTE | |
r-devel-linux-x86_64-fedora-clang | 1.0.0 | 109.50 | NOTE | |||
r-devel-linux-x86_64-fedora-gcc | 1.0.0 | 109.50 | NOTE | |||
r-devel-windows-x86_64 | 1.0.0 | 26.00 | 86.00 | 112.00 | NOTE | |
r-patched-linux-x86_64 | 1.0.0 | 20.80 | 48.62 | 69.42 | NOTE | |
r-release-linux-x86_64 | 1.0.0 | 17.91 | 48.25 | 66.16 | NOTE | |
r-release-macos-arm64 | 1.0.0 | 32.00 | NOTE | |||
r-release-macos-x86_64 | 1.0.0 | 52.00 | NOTE | |||
r-release-windows-x86_64 | 1.0.0 | 32.00 | 92.00 | 124.00 | NOTE | |
r-oldrel-macos-arm64 | 1.0.0 | 32.00 | NOTE | |||
r-oldrel-macos-x86_64 | 1.0.0 | 53.00 | NOTE | |||
r-oldrel-windows-x86_64 | 1.0.0 | 30.00 | 83.00 | 113.00 | OK |
Version: 1.0.0
Check: C++ specification
Result: NOTE
Specified C++11: please drop specification unless essential
Flavors: r-devel-linux-x86_64-debian-clang, r-devel-linux-x86_64-debian-gcc, r-devel-linux-x86_64-fedora-clang, r-devel-linux-x86_64-fedora-gcc, r-devel-windows-x86_64, r-patched-linux-x86_64, r-release-linux-x86_64, r-release-macos-arm64, r-release-macos-x86_64, r-release-windows-x86_64
Version: 1.0.0
Check: dependencies in R code
Result: NOTE
Namespace in Imports field not imported from: ‘RcppEigen’
All declared Imports should be used.
Flavors: r-devel-linux-x86_64-fedora-clang, r-devel-linux-x86_64-fedora-gcc, r-oldrel-macos-arm64, r-oldrel-macos-x86_64