Last updated on 2024-04-19 08:54:52 CEST.
Flavor | Version | Tinstall | Tcheck | Ttotal | Status | Flags |
---|---|---|---|---|---|---|
r-devel-linux-x86_64-debian-clang | 0.0.4 | 25.08 | 27.54 | 52.62 | NOTE | |
r-devel-linux-x86_64-debian-gcc | 0.0.4 | NOTE | ||||
r-devel-linux-x86_64-fedora-clang | 0.0.4 | 73.78 | NOTE | |||
r-devel-linux-x86_64-fedora-gcc | 0.0.4 | 70.77 | NOTE | |||
r-prerel-macos-arm64 | 0.0.4 | 22.00 | NOTE | |||
r-prerel-windows-x86_64 | 0.0.4 | 23.00 | 69.00 | 92.00 | NOTE | |
r-patched-linux-x86_64 | 0.0.4 | 22.30 | 26.98 | 49.28 | NOTE | |
r-release-linux-x86_64 | 0.0.4 | 23.86 | 27.22 | 51.08 | NOTE | |
r-release-macos-arm64 | 0.0.4 | 24.00 | NOTE | |||
r-release-macos-x86_64 | 0.0.4 | 33.00 | NOTE | |||
r-release-windows-x86_64 | 0.0.4 | 28.00 | 84.00 | 112.00 | NOTE | |
r-oldrel-macos-arm64 | 0.0.4 | 27.00 | OK | |||
r-oldrel-windows-x86_64 | 0.0.4 | 28.00 | 86.00 | 114.00 | OK |
Version: 0.0.4
Check: C++ specification
Result: NOTE
Specified C++11: please drop specification unless essential
Flavors: r-devel-linux-x86_64-debian-clang, r-devel-linux-x86_64-debian-gcc, r-devel-linux-x86_64-fedora-clang, r-devel-linux-x86_64-fedora-gcc, r-prerel-macos-arm64, r-prerel-windows-x86_64, r-patched-linux-x86_64, r-release-linux-x86_64, r-release-macos-arm64, r-release-macos-x86_64, r-release-windows-x86_64