CRAN Package Check Results for Package RcppHNSW

Last updated on 2023-06-02 16:57:14 CEST.

Flavor Version Tinstall Tcheck Ttotal Status Flags
r-devel-linux-x86_64-debian-clang 0.4.1 41.84 48.04 89.88 NOTE
r-devel-linux-x86_64-debian-gcc 0.4.1 33.00 37.08 70.08 NOTE
r-devel-linux-x86_64-fedora-clang 0.4.1 113.04 NOTE
r-devel-linux-x86_64-fedora-gcc 0.4.1 122.83 NOTE
r-devel-windows-x86_64 0.4.1 30.00 89.00 119.00 NOTE
r-patched-linux-x86_64 0.4.1 NOTE
r-release-linux-x86_64 0.4.1 39.97 46.69 86.66 NOTE
r-release-macos-arm64 0.4.1 32.00 NOTE
r-release-macos-x86_64 0.4.1 48.00 NOTE
r-release-windows-x86_64 0.4.1 26.00 99.00 125.00 NOTE
r-oldrel-macos-arm64 0.4.1 30.00 NOTE
r-oldrel-macos-x86_64 0.4.1 44.00 NOTE
r-oldrel-windows-x86_64 0.4.1 36.00 92.00 128.00 OK

Check Details

Version: 0.4.1
Check: C++ specification
Result: NOTE
     Specified C++11: please drop specification unless essential
Flavors: r-devel-linux-x86_64-debian-clang, r-devel-linux-x86_64-debian-gcc, r-devel-linux-x86_64-fedora-clang, r-devel-linux-x86_64-fedora-gcc, r-devel-windows-x86_64, r-patched-linux-x86_64, r-release-linux-x86_64, r-release-macos-arm64, r-release-macos-x86_64, r-release-windows-x86_64

Version: 0.4.1
Check: installed package size
Result: NOTE
     installed size is 5.7Mb
     sub-directories of 1Mb or more:
     libs 5.5Mb
Flavors: r-release-macos-arm64, r-release-macos-x86_64, r-oldrel-macos-arm64, r-oldrel-macos-x86_64