Last updated on 2023-06-10 16:53:45 CEST.
Flavor | Version | Tinstall | Tcheck | Ttotal | Status | Flags |
---|---|---|---|---|---|---|
r-devel-linux-x86_64-debian-clang | 0.2 | 17.33 | 34.85 | 52.18 | NOTE | |
r-devel-linux-x86_64-debian-gcc | 0.2 | 15.07 | 27.21 | 42.28 | NOTE | |
r-devel-linux-x86_64-fedora-clang | 0.2 | 75.64 | NOTE | |||
r-devel-linux-x86_64-fedora-gcc | 0.2 | 82.61 | NOTE | |||
r-devel-windows-x86_64 | 0.2 | 21.00 | 129.00 | 150.00 | NOTE | |
r-patched-linux-x86_64 | 0.2 | 14.26 | 33.89 | 48.15 | NOTE | |
r-release-linux-x86_64 | 0.2 | 13.26 | 33.54 | 46.80 | NOTE | |
r-release-macos-arm64 | 0.2 | 29.00 | NOTE | |||
r-release-macos-x86_64 | 0.2 | 42.00 | NOTE | |||
r-release-windows-x86_64 | 0.2 | 17.00 | 83.00 | 100.00 | NOTE | |
r-oldrel-macos-arm64 | 0.2 | 27.00 | OK | |||
r-oldrel-macos-x86_64 | 0.2 | 36.00 | OK | |||
r-oldrel-windows-x86_64 | 0.2 | 25.00 | 79.00 | 104.00 | OK |
Version: 0.2
Check: C++ specification
Result: NOTE
Specified C++11: please drop specification unless essential
Flavors: r-devel-linux-x86_64-debian-clang, r-devel-linux-x86_64-debian-gcc, r-devel-linux-x86_64-fedora-clang, r-devel-linux-x86_64-fedora-gcc, r-devel-windows-x86_64, r-patched-linux-x86_64, r-release-linux-x86_64, r-release-macos-arm64, r-release-macos-x86_64, r-release-windows-x86_64