Last updated on 2024-04-26 00:56:30 CEST.
Flavor | Version | Tinstall | Tcheck | Ttotal | Status | Flags |
---|---|---|---|---|---|---|
r-devel-linux-x86_64-debian-clang | 0.3.7 | 54.18 | 79.42 | 133.60 | NOTE | |
r-devel-linux-x86_64-debian-gcc | 0.3.7 | 45.07 | 60.44 | 105.51 | NOTE | |
r-devel-linux-x86_64-fedora-clang | 0.3.7 | 171.46 | NOTE | |||
r-devel-linux-x86_64-fedora-gcc | 0.3.7 | 195.17 | NOTE | |||
r-devel-windows-x86_64 | 0.3.7 | 39.00 | 108.00 | 147.00 | NOTE | |
r-patched-linux-x86_64 | 0.3.7 | 57.39 | 77.66 | 135.05 | NOTE | |
r-release-linux-x86_64 | 0.3.7 | 53.41 | 79.71 | 133.12 | NOTE | |
r-release-macos-arm64 | 0.3.7 | 53.00 | NOTE | |||
r-release-windows-x86_64 | 0.3.7 | 37.00 | 114.00 | 151.00 | NOTE | |
r-oldrel-macos-arm64 | 0.3.7 | 57.00 | NOTE | |||
r-oldrel-macos-x86_64 | 0.3.7 | 92.00 | NOTE | |||
r-oldrel-windows-x86_64 | 0.3.7 | 48.00 | 118.00 | 166.00 | NOTE |
Version: 0.3.7
Check: C++ specification
Result: NOTE
Specified C++11: please drop specification unless essential
Flavors: r-devel-linux-x86_64-debian-clang, r-devel-linux-x86_64-debian-gcc, r-devel-linux-x86_64-fedora-clang, r-devel-linux-x86_64-fedora-gcc, r-devel-windows-x86_64, r-patched-linux-x86_64, r-release-linux-x86_64, r-release-macos-arm64, r-release-windows-x86_64, r-oldrel-macos-arm64, r-oldrel-macos-x86_64, r-oldrel-windows-x86_64
Version: 0.3.7
Check: installed package size
Result: NOTE
installed size is 9.3Mb
sub-directories of 1Mb or more:
libs 9.1Mb
Flavors: r-release-macos-arm64, r-oldrel-macos-arm64, r-oldrel-macos-x86_64