Last updated on 2024-04-24 16:54:42 CEST.
Flavor | Version | Tinstall | Tcheck | Ttotal | Status | Flags |
---|---|---|---|---|---|---|
r-devel-linux-x86_64-debian-clang | 0.0.1.2 | 49.15 | 27.98 | 77.13 | NOTE | |
r-devel-linux-x86_64-debian-gcc | 0.0.1.2 | 39.84 | 21.88 | 61.72 | NOTE | |
r-devel-linux-x86_64-fedora-clang | 0.0.1.2 | 107.80 | NOTE | |||
r-devel-linux-x86_64-fedora-gcc | 0.0.1.2 | 113.86 | NOTE | |||
r-devel-windows-x86_64 | 0.0.1.2 | 50.00 | 83.00 | 133.00 | NOTE | |
r-patched-linux-x86_64 | 0.0.1.2 | 48.54 | 27.87 | 76.41 | NOTE | |
r-release-linux-x86_64 | 0.0.1.2 | 50.01 | 27.46 | 77.47 | NOTE | |
r-release-macos-arm64 | 0.0.1.2 | 24.00 | ERROR | |||
r-release-macos-x86_64 | 0.0.1.2 | 24.00 | ERROR | |||
r-release-windows-x86_64 | 0.0.1.2 | 49.00 | 86.00 | 135.00 | NOTE | |
r-oldrel-macos-arm64 | 0.0.1.2 | 22.00 | ERROR | |||
r-oldrel-macos-x86_64 | 0.0.1.2 | 23.00 | ERROR | |||
r-oldrel-windows-x86_64 | 0.0.1.2 | 49.00 | 87.00 | 136.00 | NOTE |
Version: 0.0.1.2
Check: C++ specification
Result: NOTE
Specified C++11: please drop specification unless essential
Flavors: r-devel-linux-x86_64-debian-clang, r-devel-linux-x86_64-debian-gcc, r-devel-linux-x86_64-fedora-clang, r-devel-linux-x86_64-fedora-gcc, r-devel-windows-x86_64, r-patched-linux-x86_64, r-release-linux-x86_64, r-release-windows-x86_64, r-oldrel-windows-x86_64
Version: 0.0.1.2
Check: LazyData
Result: NOTE
'LazyData' is specified without a 'data' directory
Flavors: r-devel-linux-x86_64-debian-clang, r-devel-linux-x86_64-debian-gcc, r-devel-linux-x86_64-fedora-clang, r-devel-linux-x86_64-fedora-gcc, r-devel-windows-x86_64, r-patched-linux-x86_64, r-release-linux-x86_64, r-release-windows-x86_64, r-oldrel-windows-x86_64
Version: 0.0.1.2
Check: for GNU extensions in Makefiles
Result: NOTE
GNU make is a SystemRequirements.
Flavors: r-devel-linux-x86_64-debian-clang, r-devel-linux-x86_64-debian-gcc, r-devel-linux-x86_64-fedora-clang, r-devel-linux-x86_64-fedora-gcc, r-devel-windows-x86_64, r-patched-linux-x86_64, r-release-linux-x86_64, r-release-windows-x86_64, r-oldrel-windows-x86_64
Version: 0.0.1.2
Check: whether package can be installed
Result: ERROR
Installation failed.
Flavors: r-release-macos-arm64, r-release-macos-x86_64, r-oldrel-macos-arm64, r-oldrel-macos-x86_64