Last updated on 2023-06-10 00:54:55 CEST.
Flavor | Version | Tinstall | Tcheck | Ttotal | Status | Flags |
---|---|---|---|---|---|---|
r-devel-linux-x86_64-debian-clang | 0.1.1 | 185.55 | 29.59 | 215.14 | NOTE | |
r-devel-linux-x86_64-debian-gcc | 0.1.1 | 151.11 | 23.61 | 174.72 | NOTE | |
r-devel-linux-x86_64-fedora-clang | 0.1.1 | 386.59 | NOTE | |||
r-devel-linux-x86_64-fedora-gcc | 0.1.1 | 328.23 | NOTE | |||
r-devel-windows-x86_64 | 0.1.1 | 167.00 | 108.00 | 275.00 | NOTE | |
r-patched-linux-x86_64 | 0.1.1 | 159.44 | 29.44 | 188.88 | NOTE | |
r-release-linux-x86_64 | 0.1.1 | 155.00 | 29.28 | 184.28 | NOTE | |
r-release-macos-arm64 | 0.1.1 | 74.00 | NOTE | |||
r-release-macos-x86_64 | 0.1.1 | 122.00 | NOTE | |||
r-release-windows-x86_64 | 0.1.1 | 168.00 | 100.00 | 268.00 | NOTE | |
r-oldrel-macos-arm64 | 0.1.1 | 74.00 | NOTE | |||
r-oldrel-macos-x86_64 | 0.1.1 | 102.00 | NOTE | |||
r-oldrel-windows-x86_64 | 0.1.1 | 196.00 | 83.00 | 279.00 | OK |
Version: 0.1.1
Check: C++ specification
Result: NOTE
Specified C++14: please drop specification unless essential
Flavors: r-devel-linux-x86_64-debian-clang, r-devel-linux-x86_64-debian-gcc, r-devel-linux-x86_64-fedora-clang, r-devel-linux-x86_64-fedora-gcc, r-devel-windows-x86_64, r-patched-linux-x86_64, r-release-linux-x86_64, r-release-macos-arm64, r-release-macos-x86_64, r-release-windows-x86_64
Version: 0.1.1
Check: installed package size
Result: NOTE
installed size is 9.2Mb
sub-directories of 1Mb or more:
libs 9.0Mb
Flavors: r-release-macos-arm64, r-release-macos-x86_64, r-oldrel-macos-arm64, r-oldrel-macos-x86_64