Last updated on 2023-12-04 00:52:53 CET.
Flavor | Version | Tinstall | Tcheck | Ttotal | Status | Flags |
---|---|---|---|---|---|---|
r-devel-linux-x86_64-debian-clang | 0.1.2 | 229.18 | 29.72 | 258.90 | OK | |
r-devel-linux-x86_64-debian-gcc | 0.1.2 | 151.01 | 23.21 | 174.22 | OK | |
r-devel-linux-x86_64-fedora-clang | 0.1.2 | 426.84 | OK | |||
r-devel-linux-x86_64-fedora-gcc | 0.1.2 | 399.04 | OK | |||
r-devel-windows-x86_64 | 0.1.2 | 182.00 | 87.00 | 269.00 | OK | |
r-patched-linux-x86_64 | 0.1.1 | 161.26 | 29.68 | 190.94 | NOTE | |
r-release-linux-x86_64 | 0.1.2 | 188.91 | 29.55 | 218.46 | OK | |
r-release-macos-arm64 | 0.1.2 | 75.00 | NOTE | |||
r-release-macos-x86_64 | 0.1.2 | 77.00 | NOTE | |||
r-release-windows-x86_64 | 0.1.2 | 195.00 | 102.00 | 297.00 | OK | |
r-oldrel-macos-arm64 | 0.1.2 | 73.00 | NOTE | |||
r-oldrel-macos-x86_64 | 0.1.1 | 102.00 | NOTE | |||
r-oldrel-windows-x86_64 | 0.1.2 | 159.00 | 81.00 | 240.00 | OK |
Version: 0.1.1
Check: C++ specification
Result: NOTE
Specified C++14: please drop specification unless essential
Flavor: r-patched-linux-x86_64
Version: 0.1.2
Check: installed package size
Result: NOTE
installed size is 8.4Mb
sub-directories of 1Mb or more:
libs 8.3Mb
Flavors: r-release-macos-arm64, r-release-macos-x86_64, r-oldrel-macos-arm64
Version: 0.1.1
Check: installed package size
Result: NOTE
installed size is 8.9Mb
sub-directories of 1Mb or more:
libs 8.7Mb
Flavor: r-oldrel-macos-x86_64