CRAN Package Check Results for Package RcppSimdJson

Last updated on 2021-10-24 20:51:14 CEST.

Flavor Version Tinstall Tcheck Ttotal Status Flags
r-devel-linux-x86_64-debian-clang 0.1.6 121.04 44.45 165.49 OK
r-devel-linux-x86_64-debian-gcc 0.1.6 92.49 34.83 127.32 OK
r-devel-linux-x86_64-fedora-clang 0.1.6 261.27 NOTE
r-devel-linux-x86_64-fedora-gcc 0.1.6 236.59 OK
r-devel-windows-x86_64 0.1.6 140.00 65.00 205.00 NOTE
r-devel-windows-x86_64-gcc10-UCRT 0.1.6 OK
r-patched-linux-x86_64 0.1.6 110.58 43.55 154.13 OK
r-release-linux-x86_64 0.1.6 113.79 44.08 157.87 OK
r-release-macos-arm64 0.1.6 NOTE
r-release-macos-x86_64 0.1.6 NOTE
r-release-windows-ix86+x86_64 0.1.6 207.00 138.00 345.00 NOTE
r-oldrel-macos-x86_64 0.1.6 NOTE
r-oldrel-windows-ix86+x86_64 0.1.6 270.00 135.00 405.00 NOTE

Check Details

Version: 0.1.6
Check: installed package size
Result: NOTE
     installed size is 16.7Mb
     sub-directories of 1Mb or more:
     include 1.5Mb
     jsonexamples 3.8Mb
     libs 11.0Mb
Flavors: r-devel-linux-x86_64-fedora-clang, r-devel-windows-x86_64, r-release-macos-arm64, r-release-macos-x86_64, r-release-windows-ix86+x86_64, r-oldrel-macos-x86_64, r-oldrel-windows-ix86+x86_64