Last updated on 2024-04-20 08:51:07 CEST.
Flavor | Version | Tinstall | Tcheck | Ttotal | Status | Flags |
---|---|---|---|---|---|---|
r-devel-linux-x86_64-debian-clang | 0.1.11 | 137.24 | 46.81 | 184.05 | OK | |
r-devel-linux-x86_64-debian-gcc | 0.1.11 | 118.92 | 37.23 | 156.15 | OK | |
r-devel-linux-x86_64-fedora-clang | 0.1.11 | 236.78 | NOTE | |||
r-devel-linux-x86_64-fedora-gcc | 0.1.11 | 299.87 | OK | |||
r-prerel-macos-arm64 | 0.1.11 | 54.00 | NOTE | |||
r-prerel-windows-x86_64 | 0.1.11 | 102.00 | 89.00 | 191.00 | NOTE | |
r-patched-linux-x86_64 | 0.1.11 | 138.19 | 47.20 | 185.39 | OK | |
r-release-linux-x86_64 | 0.1.11 | 148.41 | 46.37 | 194.78 | OK | |
r-release-macos-arm64 | 0.1.11 | 62.00 | NOTE | |||
r-release-macos-x86_64 | 0.1.11 | 131.00 | NOTE | |||
r-release-windows-x86_64 | 0.1.11 | 113.00 | 104.00 | 217.00 | NOTE | |
r-oldrel-macos-arm64 | 0.1.11 | 62.00 | NOTE | |||
r-oldrel-windows-x86_64 | 0.1.11 | 121.00 | 100.00 | 221.00 | NOTE |
Version: 0.1.11
Check: installed package size
Result: NOTE
installed size is 7.8Mb
sub-directories of 1Mb or more:
include 2.0Mb
jsonexamples 3.8Mb
libs 1.7Mb
Flavors: r-devel-linux-x86_64-fedora-clang, r-prerel-macos-arm64, r-prerel-windows-x86_64, r-release-macos-arm64, r-release-macos-x86_64, r-release-windows-x86_64, r-oldrel-macos-arm64, r-oldrel-windows-x86_64