CRAN Package Check Results for Package RcppStreams

Last updated on 2024-06-17 19:51:40 CEST.

Flavor Version Tinstall Tcheck Ttotal Status Flags
r-devel-linux-x86_64-debian-clang 0.1.3 83.14 26.71 109.85 NOTE
r-devel-linux-x86_64-debian-gcc 0.1.3 66.79 25.20 91.99 NOTE
r-devel-linux-x86_64-fedora-clang 0.1.3 161.68 NOTE
r-devel-linux-x86_64-fedora-gcc 0.1.3 178.62 NOTE
r-devel-windows-x86_64 0.1.3 74.00 76.00 150.00 NOTE
r-patched-linux-x86_64 0.1.3 79.63 30.47 110.10 NOTE
r-release-linux-x86_64 0.1.3 80.06 30.50 110.56 NOTE
r-release-macos-arm64 0.1.3 34.00 NOTE
r-release-macos-x86_64 0.1.3 49.00 NOTE
r-release-windows-x86_64 0.1.3 72.00 81.00 153.00 NOTE
r-oldrel-macos-arm64 0.1.3 43.00 NOTE
r-oldrel-macos-x86_64 0.1.3 65.00 NOTE
r-oldrel-windows-x86_64 0.1.3 73.00 90.00 163.00 NOTE

Check Details

Version: 0.1.3
Check: C++ specification
Result: NOTE Specified C++11: please drop specification unless essential Flavors: r-devel-linux-x86_64-debian-clang, r-devel-linux-x86_64-debian-gcc, r-devel-linux-x86_64-fedora-clang, r-devel-linux-x86_64-fedora-gcc, r-devel-windows-x86_64, r-patched-linux-x86_64, r-release-linux-x86_64, r-release-macos-arm64, r-release-macos-x86_64, r-release-windows-x86_64, r-oldrel-macos-arm64, r-oldrel-macos-x86_64, r-oldrel-windows-x86_64

Version: 0.1.3
Check: installed package size
Result: NOTE installed size is 5.4Mb sub-directories of 1Mb or more: libs 4.6Mb Flavor: r-oldrel-macos-arm64