Last updated on 2024-04-23 16:58:26 CEST.
Flavor | Version | Tinstall | Tcheck | Ttotal | Status | Flags |
---|---|---|---|---|---|---|
r-devel-linux-x86_64-debian-clang | 0.1.3 | 79.29 | 27.22 | 106.51 | NOTE | |
r-devel-linux-x86_64-debian-gcc | 0.1.3 | 74.66 | 24.80 | 99.46 | NOTE | |
r-devel-linux-x86_64-fedora-clang | 0.1.3 | 160.64 | NOTE | |||
r-devel-linux-x86_64-fedora-gcc | 0.1.3 | 182.62 | NOTE | |||
r-prerel-macos-arm64 | 0.1.3 | 34.00 | NOTE | |||
r-prerel-windows-x86_64 | 0.1.3 | 72.00 | 74.00 | 146.00 | NOTE | |
r-patched-linux-x86_64 | 0.1.3 | 84.29 | 30.83 | 115.12 | NOTE | |
r-release-linux-x86_64 | 0.1.3 | 85.84 | 29.88 | 115.72 | NOTE | |
r-release-macos-arm64 | 0.1.3 | 43.00 | NOTE | |||
r-release-macos-x86_64 | 0.1.3 | 65.00 | NOTE | |||
r-release-windows-x86_64 | 0.1.3 | 74.00 | 139.00 | 213.00 | NOTE | |
r-oldrel-macos-arm64 | 0.1.3 | 41.00 | NOTE | |||
r-oldrel-windows-x86_64 | 0.1.3 | 89.00 | 77.00 | 166.00 | OK |
Version: 0.1.3
Check: C++ specification
Result: NOTE
Specified C++11: please drop specification unless essential
Flavors: r-devel-linux-x86_64-debian-clang, r-devel-linux-x86_64-debian-gcc, r-devel-linux-x86_64-fedora-clang, r-devel-linux-x86_64-fedora-gcc, r-prerel-macos-arm64, r-prerel-windows-x86_64, r-patched-linux-x86_64, r-release-linux-x86_64, r-release-macos-arm64, r-release-macos-x86_64, r-release-windows-x86_64
Version: 0.1.3
Check: installed package size
Result: NOTE
installed size is 5.4Mb
sub-directories of 1Mb or more:
libs 4.6Mb
Flavors: r-release-macos-arm64, r-oldrel-macos-arm64