Last updated on 2023-05-28 23:14:08 CEST.
Flavor | Version | Tinstall | Tcheck | Ttotal | Status | Flags |
---|---|---|---|---|---|---|
r-devel-linux-x86_64-debian-clang | 0.1.3 | 87.63 | 26.55 | 114.18 | NOTE | |
r-devel-linux-x86_64-debian-gcc | 0.1.3 | 70.35 | 24.68 | 95.03 | NOTE | |
r-devel-linux-x86_64-fedora-clang | 0.1.3 | 163.94 | NOTE | |||
r-devel-linux-x86_64-fedora-gcc | 0.1.3 | 178.49 | NOTE | |||
r-devel-windows-x86_64 | 0.1.3 | 67.00 | 80.00 | 147.00 | NOTE | |
r-patched-linux-x86_64 | 0.1.3 | 80.65 | 31.53 | 112.18 | NOTE | |
r-release-linux-x86_64 | 0.1.3 | 83.68 | 30.84 | 114.52 | NOTE | |
r-release-macos-arm64 | 0.1.3 | 43.00 | NOTE | |||
r-release-macos-x86_64 | 0.1.3 | 65.00 | NOTE | |||
r-release-windows-x86_64 | 0.1.3 | 83.00 | 106.00 | 189.00 | NOTE | |
r-oldrel-macos-arm64 | 0.1.3 | 41.00 | NOTE | |||
r-oldrel-macos-x86_64 | 0.1.3 | 62.00 | NOTE | |||
r-oldrel-windows-x86_64 | 0.1.3 | 89.00 | 77.00 | 166.00 | OK |
Version: 0.1.3
Check: C++ specification
Result: NOTE
Specified C++11: please drop specification unless essential
Flavors: r-devel-linux-x86_64-debian-clang, r-devel-linux-x86_64-debian-gcc, r-devel-linux-x86_64-fedora-clang, r-devel-linux-x86_64-fedora-gcc, r-devel-windows-x86_64, r-patched-linux-x86_64, r-release-linux-x86_64, r-release-macos-arm64, r-release-macos-x86_64, r-release-windows-x86_64
Version: 0.1.3
Check: installed package size
Result: NOTE
installed size is 5.4Mb
sub-directories of 1Mb or more:
libs 4.6Mb
Flavors: r-release-macos-arm64, r-oldrel-macos-arm64, r-oldrel-macos-x86_64