Last updated on 2023-06-10 00:54:55 CEST.
Flavor | Version | Tinstall | Tcheck | Ttotal | Status | Flags |
---|---|---|---|---|---|---|
r-devel-linux-x86_64-debian-clang | 1.1.1 | 32.40 | 27.77 | 60.17 | NOTE | |
r-devel-linux-x86_64-debian-gcc | 1.1.1 | 21.95 | 21.99 | 43.94 | NOTE | |
r-devel-linux-x86_64-fedora-clang | 1.1.1 | 84.14 | NOTE | |||
r-devel-linux-x86_64-fedora-gcc | 1.1.1 | 77.62 | NOTE | |||
r-devel-windows-x86_64 | 1.1.1 | 27.00 | 121.00 | 148.00 | NOTE | |
r-patched-linux-x86_64 | 1.1.1 | 25.44 | 26.88 | 52.32 | NOTE | |
r-release-linux-x86_64 | 1.1.1 | 25.66 | 26.59 | 52.25 | NOTE | |
r-release-macos-arm64 | 1.1.1 | 26.00 | NOTE | |||
r-release-macos-x86_64 | 1.1.1 | 38.00 | NOTE | |||
r-release-windows-x86_64 | 1.1.1 | 23.00 | 71.00 | 94.00 | NOTE | |
r-oldrel-macos-arm64 | 1.1.1 | 26.00 | OK | |||
r-oldrel-macos-x86_64 | 1.1.1 | 40.00 | OK | |||
r-oldrel-windows-x86_64 | 1.1.1 | 37.00 | 71.00 | 108.00 | OK |
Version: 1.1.1
Check: C++ specification
Result: NOTE
Specified C++11: please drop specification unless essential
Flavors: r-devel-linux-x86_64-debian-clang, r-devel-linux-x86_64-debian-gcc, r-devel-linux-x86_64-fedora-clang, r-devel-linux-x86_64-fedora-gcc, r-devel-windows-x86_64, r-patched-linux-x86_64, r-release-linux-x86_64, r-release-macos-arm64, r-release-macos-x86_64, r-release-windows-x86_64