CRAN Package Check Results for Package Rcssplot

Last updated on 2023-09-26 17:09:27 CEST.

Flavor Version Tinstall Tcheck Ttotal Status Flags
r-devel-linux-x86_64-debian-clang 1.0.0 4.00 40.66 44.66 NOTE
r-devel-linux-x86_64-debian-gcc 1.0.0 2.78 31.10 33.88 NOTE
r-devel-linux-x86_64-fedora-clang 1.0.0 55.30 NOTE
r-devel-linux-x86_64-fedora-gcc 1.0.0 69.25 NOTE
r-devel-windows-x86_64 1.0.0 4.00 69.00 73.00 NOTE
r-patched-linux-x86_64 1.0.0 4.13 38.82 42.95 NOTE
r-release-linux-x86_64 1.0.0 3.40 39.58 42.98 NOTE
r-release-macos-arm64 1.0.0 26.00 NOTE
r-release-macos-x86_64 1.0.0 37.00 NOTE
r-release-windows-x86_64 1.0.0 7.00 72.00 79.00 NOTE
r-oldrel-macos-arm64 1.0.0 20.00 NOTE
r-oldrel-macos-x86_64 1.0.0 30.00 NOTE
r-oldrel-windows-x86_64 1.0.0 6.00 69.00 75.00 NOTE

Check Details

Version: 1.0.0
Check: LazyData
Result: NOTE
     'LazyData' is specified without a 'data' directory
Flavors: r-devel-linux-x86_64-debian-clang, r-devel-linux-x86_64-debian-gcc, r-devel-linux-x86_64-fedora-clang, r-devel-linux-x86_64-fedora-gcc, r-devel-windows-x86_64, r-patched-linux-x86_64, r-release-linux-x86_64, r-release-macos-arm64, r-release-macos-x86_64, r-release-windows-x86_64, r-oldrel-macos-arm64, r-oldrel-macos-x86_64, r-oldrel-windows-x86_64