CRAN Package Check Results for Package Rd2md

Last updated on 2023-06-02 18:52:54 CEST.

Flavor Version Tinstall Tcheck Ttotal Status Flags
r-devel-linux-x86_64-debian-clang 0.0.5 2.19 28.57 30.76 NOTE
r-devel-linux-x86_64-debian-gcc 0.0.5 1.99 22.48 24.47 NOTE
r-devel-linux-x86_64-fedora-clang 0.0.5 39.33 NOTE
r-devel-linux-x86_64-fedora-gcc 0.0.5 51.50 NOTE
r-devel-windows-x86_64 0.0.5 5.00 51.00 56.00 NOTE
r-patched-linux-x86_64 0.0.5 NOTE
r-release-linux-x86_64 0.0.5 1.63 27.38 29.01 NOTE
r-release-macos-arm64 0.0.5 25.00 NOTE
r-release-macos-x86_64 0.0.5 34.00 NOTE
r-release-windows-x86_64 0.0.5 4.00 47.00 51.00 NOTE
r-oldrel-macos-arm64 0.0.5 20.00 NOTE
r-oldrel-macos-x86_64 0.0.5 26.00 NOTE
r-oldrel-windows-x86_64 0.0.5 4.00 52.00 56.00 NOTE

Check Details

Version: 0.0.5
Check: LazyData
Result: NOTE
     'LazyData' is specified without a 'data' directory
Flavors: r-devel-linux-x86_64-debian-clang, r-devel-linux-x86_64-debian-gcc, r-devel-linux-x86_64-fedora-clang, r-devel-linux-x86_64-fedora-gcc, r-devel-windows-x86_64, r-patched-linux-x86_64, r-release-linux-x86_64, r-release-macos-arm64, r-release-macos-x86_64, r-release-windows-x86_64, r-oldrel-macos-arm64, r-oldrel-macos-x86_64, r-oldrel-windows-x86_64