CRAN Package Check Results for Package Rdca

Last updated on 2021-10-24 00:51:09 CEST.

Flavor Version Tinstall Tcheck Ttotal Status Flags
r-devel-linux-x86_64-debian-clang 0.1.0 42.84 69.77 112.61 NOTE
r-devel-linux-x86_64-debian-gcc 0.1.0 35.03 51.66 86.69 NOTE
r-devel-linux-x86_64-fedora-clang 0.1.0 165.30 NOTE
r-devel-linux-x86_64-fedora-gcc 0.1.0 146.67 NOTE
r-devel-windows-x86_64 0.1.0 64.00 104.00 168.00 NOTE
r-devel-windows-x86_64-gcc10-UCRT 0.1.0 NOTE
r-patched-linux-x86_64 0.1.0 41.35 64.83 106.18 NOTE
r-patched-solaris-x86 0.1.0 144.00 NOTE
r-release-linux-x86_64 0.1.0 42.16 64.27 106.43 NOTE
r-release-macos-arm64 0.1.0 NOTE
r-release-macos-x86_64 0.1.0 NOTE
r-release-windows-ix86+x86_64 0.1.0 87.00 124.00 211.00 NOTE
r-oldrel-macos-x86_64 0.1.0 OK
r-oldrel-windows-ix86+x86_64 0.1.0 131.00 130.00 261.00 OK

Check Details

Version: 0.1.0
Check: LazyData
Result: NOTE
     'LazyData' is specified without a 'data' directory
Flavors: r-devel-linux-x86_64-debian-clang, r-devel-linux-x86_64-debian-gcc, r-devel-linux-x86_64-fedora-clang, r-devel-linux-x86_64-fedora-gcc, r-devel-windows-x86_64, r-devel-windows-x86_64-gcc10-UCRT, r-patched-linux-x86_64, r-patched-solaris-x86, r-release-linux-x86_64, r-release-macos-arm64, r-release-macos-x86_64, r-release-windows-ix86+x86_64