Last updated on 2023-10-03 01:05:01 CEST.
Flavor | Version | Tinstall | Tcheck | Ttotal | Status | Flags |
---|---|---|---|---|---|---|
r-devel-linux-x86_64-debian-clang | 1.4.3.1 | 12.96 | 81.46 | 94.42 | NOTE | |
r-devel-linux-x86_64-debian-gcc | 1.4.3.1 | 9.29 | 61.46 | 70.75 | NOTE | |
r-devel-linux-x86_64-fedora-clang | 1.4.3.1 | 120.74 | NOTE | |||
r-devel-linux-x86_64-fedora-gcc | 1.4.3.1 | 125.87 | NOTE | |||
r-devel-windows-x86_64 | 1.4.3.1 | 13.00 | 114.00 | 127.00 | NOTE | |
r-patched-linux-x86_64 | 1.4.3.1 | 15.11 | 79.05 | 94.16 | NOTE | |
r-release-linux-x86_64 | 1.4.3.1 | 10.89 | 78.92 | 89.81 | NOTE | |
r-release-macos-arm64 | 1.4.3.1 | 42.00 | NOTE | |||
r-release-macos-x86_64 | 1.4.3.1 | 80.00 | NOTE | |||
r-release-windows-x86_64 | 1.4.3.1 | 13.00 | 110.00 | 123.00 | NOTE | |
r-oldrel-macos-arm64 | 1.4.3.1 | 43.00 | NOTE | |||
r-oldrel-macos-x86_64 | 1.4.3.1 | 58.00 | NOTE | |||
r-oldrel-windows-x86_64 | 1.4.3.1 | 17.00 | 131.00 | 148.00 | NOTE |
Version: 1.4.3.1
Check: LazyData
Result: NOTE
'LazyData' is specified without a 'data' directory
Flavors: r-devel-linux-x86_64-debian-clang, r-devel-linux-x86_64-debian-gcc, r-devel-linux-x86_64-fedora-clang, r-devel-linux-x86_64-fedora-gcc, r-devel-windows-x86_64, r-patched-linux-x86_64, r-release-linux-x86_64, r-release-macos-arm64, r-release-macos-x86_64, r-release-windows-x86_64, r-oldrel-macos-arm64, r-oldrel-macos-x86_64, r-oldrel-windows-x86_64