CRAN Package Check Results for Package RefManageR

Last updated on 2021-10-19 16:50:43 CEST.

Flavor Version Tinstall Tcheck Ttotal Status Flags
r-devel-linux-x86_64-debian-clang 1.3.0 12.20 136.99 149.19 OK
r-devel-linux-x86_64-debian-gcc 1.3.0 8.94 101.78 110.72 OK
r-devel-linux-x86_64-fedora-clang 1.3.0 183.77 NOTE
r-devel-linux-x86_64-fedora-gcc 1.3.0 173.47 OK
r-devel-windows-x86_64 1.3.0 18.00 179.00 197.00 OK
r-devel-windows-x86_64-gcc10-UCRT 1.3.0 OK
r-patched-linux-x86_64 1.3.0 12.54 134.00 146.54 OK
r-patched-solaris-x86 1.3.0 229.80 OK
r-release-linux-x86_64 1.3.0 9.78 134.22 144.00 OK
r-release-macos-arm64 1.3.0 OK
r-release-macos-x86_64 1.3.0 OK
r-release-windows-ix86+x86_64 1.3.0 16.00 182.00 198.00 OK
r-oldrel-macos-x86_64 1.3.0 OK
r-oldrel-windows-ix86+x86_64 1.3.0 21.00 173.00 194.00 OK

Check Details

Version: 1.3.0
Check: package dependencies
Result: NOTE
    Suggests orphaned package: ‘bibtex’
Flavor: r-devel-linux-x86_64-fedora-clang