Last updated on 2023-05-28 23:14:08 CEST.
Flavor | Version | Tinstall | Tcheck | Ttotal | Status | Flags |
---|---|---|---|---|---|---|
r-devel-linux-x86_64-debian-clang | 0.1.0 | 18.01 | 140.72 | 158.73 | NOTE | |
r-devel-linux-x86_64-debian-gcc | 0.1.0 | 14.38 | 104.88 | 119.26 | NOTE | |
r-devel-linux-x86_64-fedora-clang | 0.1.0 | 198.59 | NOTE | |||
r-devel-linux-x86_64-fedora-gcc | 0.1.0 | 214.49 | NOTE | |||
r-devel-windows-x86_64 | 0.1.0 | 15.00 | 110.00 | 125.00 | NOTE | |
r-patched-linux-x86_64 | 0.1.0 | 17.27 | 134.35 | 151.62 | NOTE | |
r-release-linux-x86_64 | 0.1.0 | 11.58 | 134.62 | 146.20 | NOTE | |
r-release-macos-arm64 | 0.1.0 | 61.00 | NOTE | |||
r-release-macos-x86_64 | 0.1.0 | 94.00 | NOTE | |||
r-release-windows-x86_64 | 0.1.0 | 19.00 | 135.00 | 154.00 | NOTE | |
r-oldrel-macos-arm64 | 0.1.0 | 54.00 | NOTE | |||
r-oldrel-macos-x86_64 | 0.1.0 | 95.00 | NOTE | |||
r-oldrel-windows-x86_64 | 0.1.0 | 18.00 | 129.00 | 147.00 | NOTE |
Version: 0.1.0
Check: LazyData
Result: NOTE
'LazyData' is specified without a 'data' directory
Flavors: r-devel-linux-x86_64-debian-clang, r-devel-linux-x86_64-debian-gcc, r-devel-linux-x86_64-fedora-clang, r-devel-linux-x86_64-fedora-gcc, r-devel-windows-x86_64, r-patched-linux-x86_64, r-release-linux-x86_64, r-release-macos-arm64, r-release-macos-x86_64, r-release-windows-x86_64, r-oldrel-macos-arm64, r-oldrel-macos-x86_64, r-oldrel-windows-x86_64
Version: 0.1.0
Check: dependencies in R code
Result: NOTE
Namespace in Imports field not imported from: ‘rmarkdown’
All declared Imports should be used.
Flavors: r-devel-linux-x86_64-fedora-clang, r-devel-linux-x86_64-fedora-gcc, r-oldrel-macos-arm64, r-oldrel-macos-x86_64