Last updated on 2024-03-28 23:55:17 CET.
Flavor | Version | Tinstall | Tcheck | Ttotal | Status | Flags |
---|---|---|---|---|---|---|
r-devel-linux-x86_64-debian-clang | 0.3.0 | 2.78 | 43.57 | 46.35 | OK | |
r-devel-linux-x86_64-debian-gcc | 0.3.0 | 2.05 | 33.97 | 36.02 | OK | |
r-devel-linux-x86_64-fedora-clang | 0.3.0 | 57.85 | OK | |||
r-devel-linux-x86_64-fedora-gcc | 0.3.0 | 56.85 | OK | |||
r-devel-windows-x86_64 | 0.3.0 | 4.00 | 45.00 | 49.00 | ERROR | |
r-patched-linux-x86_64 | 0.3.0 | 2.30 | 43.69 | 45.99 | OK | |
r-release-linux-x86_64 | 0.3.0 | 1.68 | 44.05 | 45.73 | OK | |
r-release-macos-arm64 | 0.3.0 | 24.00 | OK | |||
r-release-macos-x86_64 | 0.3.0 | 44.00 | OK | |||
r-release-windows-x86_64 | 0.3.0 | 4.00 | 59.00 | 63.00 | OK | |
r-oldrel-macos-arm64 | 0.3.0 | 25.00 | OK | |||
r-oldrel-windows-x86_64 | 0.3.0 | 4.00 | 64.00 | 68.00 | OK |
Version: 0.3.0
Check: tests
Result: ERROR
Running 'testthat.R' [3s]
Running the tests in 'tests/testthat.R' failed.
Complete output:
> require(testthat)
Loading required package: testthat
> require(RelimpPCR)
Loading required package: RelimpPCR
> test_check("RelimpPCR")
INFO [2024-03-25 08:01:10] performing train/test split
INFO [2024-03-25 08:01:11] performing train/test split
Flavor: r-devel-windows-x86_64