Last updated on 2023-06-05 16:55:04 CEST.
Flavor | Version | Tinstall | Tcheck | Ttotal | Status | Flags |
---|---|---|---|---|---|---|
r-devel-linux-x86_64-debian-clang | 0.3.0 | 1.83 | 45.00 | 46.83 | OK | |
r-devel-linux-x86_64-debian-gcc | 0.3.0 | 1.82 | 35.24 | 37.06 | OK | |
r-devel-linux-x86_64-fedora-clang | 0.3.0 | 58.92 | OK | |||
r-devel-linux-x86_64-fedora-gcc | 0.3.0 | 55.24 | OK | |||
r-devel-windows-x86_64 | 0.3.0 | 4.00 | 53.00 | 57.00 | OK | |
r-patched-linux-x86_64 | 0.3.0 | 1.68 | 42.91 | 44.59 | OK | |
r-release-linux-x86_64 | 0.3.0 | 1.67 | 43.44 | 45.11 | OK | |
r-release-macos-arm64 | 0.3.0 | 24.00 | OK | |||
r-release-macos-x86_64 | 0.2.4 | 33.00 | NOTE | |||
r-release-windows-x86_64 | 0.3.0 | 5.00 | 58.00 | 63.00 | OK | |
r-oldrel-macos-arm64 | 0.3.0 | 25.00 | OK | |||
r-oldrel-macos-x86_64 | 0.3.0 | 34.00 | OK | |||
r-oldrel-windows-x86_64 | 0.3.0 | 15.00 | 81.00 | 96.00 | OK |
Version: 0.2.4
Check: LazyData
Result: NOTE
'LazyData' is specified without a 'data' directory
Flavor: r-release-macos-x86_64