CRAN Package Check Results for Package RestRserve

Last updated on 2023-10-04 00:58:35 CEST.

Flavor Version Tinstall Tcheck Ttotal Status Flags
r-devel-linux-x86_64-debian-clang 1.2.1 68.14 69.88 138.02 NOTE
r-devel-linux-x86_64-debian-gcc 1.2.1 50.65 53.49 104.14 NOTE
r-devel-linux-x86_64-fedora-clang 1.2.1 190.91 NOTE
r-devel-linux-x86_64-fedora-gcc 1.2.1 201.64 NOTE
r-devel-windows-x86_64 1.2.1 49.00 107.00 156.00 NOTE
r-patched-linux-x86_64 1.2.1 70.48 67.59 138.07 NOTE
r-release-linux-x86_64 1.2.1 71.37 68.29 139.66 NOTE
r-release-macos-arm64 1.2.1 65.00 NOTE
r-release-macos-x86_64 1.2.1 102.00 NOTE
r-release-windows-x86_64 1.2.1 60.00 119.00 179.00 NOTE
r-oldrel-macos-arm64 1.2.1 56.00 NOTE
r-oldrel-macos-x86_64 1.2.1 66.00 NOTE
r-oldrel-windows-x86_64 1.2.1 68.00 113.00 181.00 OK

Check Details

Version: 1.2.1
Check: C++ specification
Result: NOTE
     Specified C++11: please drop specification unless essential
Flavors: r-devel-linux-x86_64-debian-clang, r-devel-linux-x86_64-debian-gcc, r-devel-linux-x86_64-fedora-clang, r-devel-linux-x86_64-fedora-gcc, r-devel-windows-x86_64, r-patched-linux-x86_64, r-release-linux-x86_64, r-release-macos-arm64, r-release-macos-x86_64, r-release-windows-x86_64

Version: 1.2.1
Check: installed package size
Result: NOTE
     installed size is 6.5Mb
     sub-directories of 1Mb or more:
     libs 3.6Mb
     swagger 1.4Mb
Flavors: r-release-macos-arm64, r-release-macos-x86_64, r-oldrel-macos-arm64, r-oldrel-macos-x86_64