Last updated on 2024-04-18 16:50:06 CEST.
Flavor | Version | Tinstall | Tcheck | Ttotal | Status | Flags |
---|---|---|---|---|---|---|
r-devel-linux-x86_64-debian-clang | 0.1.5.2 | 647.33 | 87.36 | 734.69 | OK | |
r-devel-linux-x86_64-debian-gcc | 0.1.5.2 | 497.64 | 62.23 | 559.87 | OK | |
r-devel-linux-x86_64-fedora-clang | 0.1.5.2 | 1022.45 | OK | |||
r-devel-linux-x86_64-fedora-gcc | 0.1.5.2 | 1067.52 | OK | |||
r-prerel-macos-arm64 | 0.1.5.2 | 167.00 | NOTE | |||
r-prerel-macos-x86_64 | 0.1.5.2 | 224.00 | NOTE | |||
r-prerel-windows-x86_64 | 0.1.5.2 | 506.00 | 128.00 | 634.00 | OK | |
r-patched-linux-x86_64 | 0.1.5.2 | 629.40 | 80.10 | 709.50 | OK | |
r-release-linux-x86_64 | 0.1.5.2 | 626.57 | 82.56 | 709.13 | OK | |
r-release-macos-arm64 | 0.1.5.2 | 172.00 | NOTE | |||
r-release-macos-x86_64 | 0.1.5.2 | 202.00 | NOTE | |||
r-release-windows-x86_64 | 0.1.5.2 | 616.00 | 161.00 | 777.00 | OK | |
r-oldrel-macos-arm64 | 0.1.5.2 | 176.00 | NOTE | |||
r-oldrel-windows-x86_64 | 0.1.5.2 | 596.00 | 148.00 | 744.00 | OK |
Version: 0.1.5.2
Check: installed package size
Result: NOTE
installed size is 22.9Mb
sub-directories of 1Mb or more:
libs 22.1Mb
Flavors: r-prerel-macos-arm64, r-prerel-macos-x86_64, r-release-macos-arm64, r-release-macos-x86_64, r-oldrel-macos-arm64