Last updated on 2024-04-24 00:55:56 CEST.
Flavor | Version | Tinstall | Tcheck | Ttotal | Status | Flags |
---|---|---|---|---|---|---|
r-devel-linux-x86_64-debian-clang | 0.10.0 | 113.27 | 214.04 | 327.31 | OK | |
r-devel-linux-x86_64-debian-gcc | 0.10.0 | 88.32 | 153.86 | 242.18 | OK | |
r-devel-linux-x86_64-fedora-clang | 0.10.0 | 422.19 | OK | |||
r-devel-linux-x86_64-fedora-gcc | 0.10.0 | 431.96 | OK | |||
r-prerel-macos-arm64 | 0.10.0 | 95.00 | NOTE | |||
r-prerel-windows-x86_64 | 0.10.0 | 86.00 | 162.00 | 248.00 | OK | |
r-patched-linux-x86_64 | 0.10.0 | 107.66 | 202.98 | 310.64 | OK | |
r-release-linux-x86_64 | 0.10.0 | 105.59 | 201.27 | 306.86 | OK | |
r-release-macos-arm64 | 0.10.0 | 112.00 | NOTE | |||
r-release-macos-x86_64 | 0.10.0 | 147.00 | ERROR | |||
r-release-windows-x86_64 | 0.10.0 | 107.00 | 207.00 | 314.00 | OK | |
r-oldrel-macos-arm64 | 0.10.0 | 84.00 | NOTE | |||
r-oldrel-windows-x86_64 | 0.10.0 | 100.00 | 196.00 | 296.00 | OK |
Version: 0.10.0
Check: installed package size
Result: NOTE
installed size is 7.3Mb
sub-directories of 1Mb or more:
libs 7.1Mb
Flavors: r-prerel-macos-arm64, r-release-macos-arm64, r-release-macos-x86_64, r-oldrel-macos-arm64
Version: 0.10.0
Check: tests
Result: ERROR
Running ‘testthat.R’ [64s/56s]
Running the tests in ‘tests/testthat.R’ failed.
Last 13 lines of output:
▆
1. ├─testthat::expect_error(...) at test-forestry.R:48:2
2. │ └─testthat:::quasi_capture(...)
3. │ ├─testthat (local) .capture(...)
4. │ │ └─base::withCallingHandlers(...)
5. │ └─rlang::eval_bare(quo_get_expr(.quo), quo_get_env(.quo))
6. └─Rforestry::forestry(x = iris[, -1], y = iris[, 1], seed = seed_i)
7. └─base::tryCatch(...)
8. └─base (local) tryCatchList(expr, classes, parentenv, handlers)
9. └─base (local) tryCatchOne(expr, names, parentenv, handlers[[1L]])
10. └─value[[3L]](cond)
[ FAIL 1 | WARN 0 | SKIP 0 | PASS 1422 ]
Error: Test failures
Execution halted
Flavor: r-release-macos-x86_64