Last updated on 2024-03-28 15:49:58 CET.
Flavor | Version | Tinstall | Tcheck | Ttotal | Status | Flags |
---|---|---|---|---|---|---|
r-devel-linux-x86_64-debian-clang | 1.5.1 | 4.25 | 43.38 | 47.63 | OK | |
r-devel-linux-x86_64-debian-gcc | 1.5.1 | 3.68 | 32.67 | 36.35 | OK | |
r-devel-linux-x86_64-fedora-clang | 1.5.1 | 64.51 | NOTE | |||
r-devel-linux-x86_64-fedora-gcc | 1.5.1 | 58.44 | OK | |||
r-devel-windows-x86_64 | 1.5.1 | 5.00 | 58.00 | 63.00 | OK | |
r-patched-linux-x86_64 | 1.5.1 | 5.11 | 41.15 | 46.26 | OK | |
r-release-linux-x86_64 | 1.5.1 | 3.64 | 42.86 | 46.50 | OK | |
r-release-macos-arm64 | 1.5.1 | 24.00 | OK | |||
r-release-macos-x86_64 | 1.5.1 | 73.00 | OK | |||
r-release-windows-x86_64 | 1.5.1 | 6.00 | 61.00 | 67.00 | OK | |
r-oldrel-macos-arm64 | 1.5.1 | 38.00 | OK | |||
r-oldrel-windows-x86_64 | 1.5.1 | 6.00 | 65.00 | 71.00 | OK |
Version: 1.5.1
Check: Rd cross-references
Result: NOTE
Undeclared package ‘sp’ in Rd xrefs
Flavor: r-devel-linux-x86_64-fedora-clang