Last updated on 2023-10-04 00:58:35 CEST.
Flavor | Version | Tinstall | Tcheck | Ttotal | Status | Flags |
---|---|---|---|---|---|---|
r-devel-linux-x86_64-debian-clang | 1.4.5.3 | 4.60 | 52.77 | 57.37 | NOTE | |
r-devel-linux-x86_64-debian-gcc | 1.4.5.3 | 4.90 | 40.57 | 45.47 | NOTE | |
r-devel-linux-x86_64-fedora-clang | 1.4.5.3 | 71.62 | NOTE | |||
r-devel-linux-x86_64-fedora-gcc | 1.4.5.3 | 72.81 | NOTE | |||
r-devel-windows-x86_64 | 1.4.5.3 | 8.00 | 66.00 | 74.00 | NOTE | |
r-patched-linux-x86_64 | 1.4.5.3 | 7.79 | 51.79 | 59.58 | NOTE | |
r-release-linux-x86_64 | 1.4.5.3 | 5.05 | 52.69 | 57.74 | NOTE | |
r-release-macos-arm64 | 1.4.5.3 | 26.00 | NOTE | |||
r-release-macos-x86_64 | 1.4.5.3 | 37.00 | NOTE | |||
r-release-windows-x86_64 | 1.4.5.3 | 8.00 | 70.00 | 78.00 | NOTE | |
r-oldrel-macos-arm64 | 1.4.5.3 | 26.00 | OK | |||
r-oldrel-macos-x86_64 | 1.4.5.3 | 42.00 | OK | |||
r-oldrel-windows-x86_64 | 1.4.5.3 | 8.00 | 75.00 | 83.00 | OK |
Version: 1.4.5.3
Check: Rd files
Result: NOTE
checkRd: (-1) columbus.Rd:24: Escaped LaTeX specials: \_
checkRd: (-1) columbus.Rd:25: Escaped LaTeX specials: \_
checkRd: (-1) columbus.Rd:29: Escaped LaTeX specials: \$
checkRd: (-1) columbus.Rd:30: Escaped LaTeX specials: \$
Flavors: r-devel-linux-x86_64-debian-clang, r-devel-linux-x86_64-debian-gcc, r-devel-linux-x86_64-fedora-clang, r-devel-linux-x86_64-fedora-gcc, r-devel-windows-x86_64, r-patched-linux-x86_64, r-release-linux-x86_64, r-release-macos-arm64, r-release-macos-x86_64, r-release-windows-x86_64
Version: 1.4.5.3
Check: Rd contents
Result: NOTE
Argument items with no description in Rd object 'MapBackground':
‘lat’ ‘lon’
Argument items with no description in Rd object 'plotOSM':
‘add’ ‘removeMargin’
Argument items with no description in Rd object 'plotOSMtile':
‘add’ ‘raster’
Argument items with no description in Rd object 'qbbox':
‘TYPE’ ‘verbose’
Flavors: r-devel-linux-x86_64-debian-clang, r-devel-linux-x86_64-debian-gcc, r-devel-linux-x86_64-fedora-clang, r-devel-linux-x86_64-fedora-gcc, r-devel-windows-x86_64