CRAN Package Check Results for Package Rilostat

Last updated on 2021-09-19 04:53:24 CEST.

Flavor Version Tinstall Tcheck Ttotal Status Flags
r-devel-linux-x86_64-debian-clang 1.1.8 6.93 64.52 71.45 OK
r-devel-linux-x86_64-debian-gcc 1.1.8 5.88 47.58 53.46 OK
r-devel-linux-x86_64-fedora-clang 1.1.8 94.04 OK
r-devel-linux-x86_64-fedora-gcc 1.1.8 84.86 OK
r-devel-windows-x86_64 1.1.8 9.00 67.00 76.00 OK
r-devel-windows-x86_64-gcc10-UCRT 1.1.8 ERROR
r-patched-linux-x86_64 1.1.8 7.41 59.46 66.87 OK
r-patched-solaris-x86 1.1.8 121.50 OK
r-release-linux-x86_64 1.1.8 7.14 59.20 66.34 OK
r-release-macos-arm64 1.1.8 OK
r-release-macos-x86_64 1.1.8 OK
r-release-windows-ix86+x86_64 1.1.8 19.00 84.00 103.00 OK
r-oldrel-macos-x86_64 1.1.8 OK
r-oldrel-windows-ix86+x86_64 1.1.8 19.00 85.00 104.00 OK

Check Details

Version: 1.1.8
Check: whether package can be installed
Result: WARN
    Found the following significant warnings:
     WARNING: installation-time patches will not be applied, could not get the patches index
Flavor: r-devel-windows-x86_64-gcc10-UCRT

Version: 1.1.8
Check: PDF version of manual
Result: WARN
    LaTeX errors when creating PDF version.
    This typically indicates Rd problems.
Flavor: r-devel-windows-x86_64-gcc10-UCRT

Version: 1.1.8
Check: PDF version of manual without hyperrefs or index
Result: ERROR
    Re-running with no redirection of stdout/stderr.
Flavor: r-devel-windows-x86_64-gcc10-UCRT