Last updated on 2023-11-28 16:48:32 CET.
Flavor | Version | Tinstall | Tcheck | Ttotal | Status | Flags |
---|---|---|---|---|---|---|
r-devel-linux-x86_64-debian-clang | 0.2-1 | 994.47 | 219.08 | 1213.55 | NOTE | |
r-devel-linux-x86_64-debian-gcc | 0.2-1 | 803.19 | 210.16 | 1013.35 | NOTE | |
r-devel-linux-x86_64-fedora-clang | 0.2-1 | 1505.22 | NOTE | |||
r-devel-linux-x86_64-fedora-gcc | 0.2-1 | 1986.35 | NOTE | |||
r-devel-windows-x86_64 | 0.2-1 | 692.00 | 241.00 | 933.00 | NOTE | |
r-patched-linux-x86_64 | 0.2-1 | 760.69 | 265.48 | 1026.17 | NOTE | |
r-release-linux-x86_64 | 0.2-1 | 654.90 | 261.92 | 916.82 | NOTE | |
r-release-macos-arm64 | 0.2-1 | 554.00 | NOTE | |||
r-release-macos-x86_64 | 0.2-1 | 654.00 | NOTE | |||
r-release-windows-x86_64 | 0.2-1 | 928.00 | 286.00 | 1214.00 | NOTE | |
r-oldrel-macos-arm64 | 0.2-1 | 514.00 | NOTE | |||
r-oldrel-macos-x86_64 | 0.2-1 | 721.00 | NOTE | |||
r-oldrel-windows-x86_64 | 0.2-1 | 870.00 | 283.00 | 1153.00 | NOTE |
Version: 0.2-1
Check: for GNU extensions in Makefiles
Result: NOTE
GNU make is a SystemRequirements.
Flavors: r-devel-linux-x86_64-debian-clang, r-devel-linux-x86_64-debian-gcc, r-devel-linux-x86_64-fedora-clang, r-devel-linux-x86_64-fedora-gcc, r-devel-windows-x86_64, r-patched-linux-x86_64, r-release-linux-x86_64, r-release-macos-arm64, r-release-macos-x86_64, r-release-windows-x86_64, r-oldrel-macos-arm64, r-oldrel-macos-x86_64, r-oldrel-windows-x86_64
Version: 0.2-1
Check: installed package size
Result: NOTE
installed size is 9.7Mb
sub-directories of 1Mb or more:
libs 8.8Mb
Flavors: r-devel-linux-x86_64-fedora-clang, r-devel-windows-x86_64, r-release-macos-arm64, r-release-macos-x86_64, r-release-windows-x86_64, r-oldrel-macos-arm64, r-oldrel-macos-x86_64, r-oldrel-windows-x86_64