CRAN Package Check Results for Package Rlinkedin

Last updated on 2023-05-28 23:14:08 CEST.

Flavor Version Tinstall Tcheck Ttotal Status Flags
r-devel-linux-x86_64-debian-clang 0.2 4.33 46.37 50.70 NOTE
r-devel-linux-x86_64-debian-gcc 0.2 4.11 36.07 40.18 NOTE
r-devel-linux-x86_64-fedora-clang 0.2 67.15 NOTE
r-devel-linux-x86_64-fedora-gcc 0.2 68.17 NOTE
r-devel-windows-x86_64 0.2 6.00 61.00 67.00 NOTE
r-patched-linux-x86_64 0.2 5.28 44.61 49.89 NOTE
r-release-linux-x86_64 0.2 5.68 44.61 50.29 NOTE
r-release-macos-arm64 0.2 26.00 NOTE
r-release-macos-x86_64 0.2 36.00 NOTE
r-release-windows-x86_64 0.2 8.00 65.00 73.00 NOTE
r-oldrel-macos-arm64 0.2 23.00 NOTE
r-oldrel-macos-x86_64 0.2 33.00 NOTE
r-oldrel-windows-x86_64 0.2 9.00 68.00 77.00 NOTE

Check Details

Version: 0.2
Check: LazyData
Result: NOTE
     'LazyData' is specified without a 'data' directory
Flavors: r-devel-linux-x86_64-debian-clang, r-devel-linux-x86_64-debian-gcc, r-devel-linux-x86_64-fedora-clang, r-devel-linux-x86_64-fedora-gcc, r-devel-windows-x86_64, r-patched-linux-x86_64, r-release-linux-x86_64, r-release-macos-arm64, r-release-macos-x86_64, r-release-windows-x86_64, r-oldrel-macos-arm64, r-oldrel-macos-x86_64, r-oldrel-windows-x86_64