CRAN Package Check Results for Package Rlinkedin

Last updated on 2021-11-30 20:49:28 CET.

Flavor Version Tinstall Tcheck Ttotal Status Flags
r-devel-linux-x86_64-debian-clang 0.2 3.95 39.56 43.51 NOTE
r-devel-linux-x86_64-debian-gcc 0.2 4.15 31.16 35.31 NOTE
r-devel-linux-x86_64-fedora-clang 0.2 68.35 NOTE
r-devel-linux-x86_64-fedora-gcc 0.2 54.31 NOTE
r-devel-windows-x86_64-new-UL 0.2 11.00 85.00 96.00 NOTE
r-devel-windows-x86_64-new-TK 0.2 NOTE
r-devel-windows-x86_64-old 0.2 8.00 48.00 56.00 NOTE
r-patched-linux-x86_64 0.2 4.69 37.66 42.35 NOTE
r-patched-solaris-x86 0.2 82.50 NOTE
r-release-linux-x86_64 0.2 3.93 37.83 41.76 NOTE
r-release-macos-arm64 0.2 NOTE
r-release-macos-x86_64 0.2 NOTE
r-release-windows-ix86+x86_64 0.2 11.00 46.00 57.00 NOTE
r-oldrel-macos-x86_64 0.2 OK
r-oldrel-windows-ix86+x86_64 0.2 9.00 53.00 62.00 OK

Check Details

Version: 0.2
Check: LazyData
Result: NOTE
     'LazyData' is specified without a 'data' directory
Flavors: r-devel-linux-x86_64-debian-clang, r-devel-linux-x86_64-debian-gcc, r-devel-linux-x86_64-fedora-clang, r-devel-linux-x86_64-fedora-gcc, r-devel-windows-x86_64-new-UL, r-devel-windows-x86_64-new-TK, r-devel-windows-x86_64-old, r-patched-linux-x86_64, r-patched-solaris-x86, r-release-linux-x86_64, r-release-macos-arm64, r-release-macos-x86_64, r-release-windows-ix86+x86_64