CRAN Package Check Results for Package RmecabKo

Last updated on 2023-12-09 00:52:51 CET.

Flavor Version Tinstall Tcheck Ttotal Status Flags
r-devel-linux-x86_64-debian-clang 0.1.6.2 40.80 36.14 76.94 NOTE
r-devel-linux-x86_64-debian-gcc 0.1.6.2 29.64 27.52 57.16 NOTE
r-devel-linux-x86_64-fedora-clang 0.1.6.2 109.98 NOTE
r-devel-linux-x86_64-fedora-gcc 0.1.6.2 106.81 NOTE
r-devel-windows-x86_64 0.1.6.2 33.00 69.00 102.00 NOTE
r-patched-linux-x86_64 0.1.6.2 33.54 36.19 69.73 NOTE
r-release-linux-x86_64 0.1.6.2 35.15 35.43 70.58 NOTE
r-release-macos-arm64 0.1.6.2 13.00 ERROR
r-release-macos-x86_64 0.1.6.2 17.00 ERROR
r-release-windows-x86_64 0.1.6.2 41.00 74.00 115.00 NOTE
r-oldrel-macos-arm64 0.1.6.2 17.00 ERROR
r-oldrel-macos-x86_64 0.1.6.2 19.00 ERROR
r-oldrel-windows-x86_64 0.1.6.2 36.00 74.00 110.00 NOTE

Check Details

Version: 0.1.6.2
Check: LazyData
Result: NOTE 'LazyData' is specified without a 'data' directory Flavors: r-devel-linux-x86_64-debian-clang, r-devel-linux-x86_64-debian-gcc, r-devel-linux-x86_64-fedora-clang, r-devel-linux-x86_64-fedora-gcc, r-devel-windows-x86_64, r-patched-linux-x86_64, r-release-linux-x86_64, r-release-windows-x86_64, r-oldrel-windows-x86_64

Version: 0.1.6.2
Check: whether package can be installed
Result: ERROR Installation failed. Flavors: r-release-macos-arm64, r-release-macos-x86_64, r-oldrel-macos-arm64, r-oldrel-macos-x86_64