CRAN Package Check Results for Package Rmosek

Last updated on 2024-04-19 16:58:55 CEST.

Flavor Version Tinstall Tcheck Ttotal Status Flags
r-devel-linux-x86_64-debian-clang 1.3.5 2.43 23.00 25.43 NOTE
r-devel-linux-x86_64-debian-gcc 1.3.5 NOTE
r-devel-linux-x86_64-fedora-clang 1.3.5 32.50 OK
r-devel-linux-x86_64-fedora-gcc 1.3.5 30.48 OK
r-prerel-macos-arm64 1.3.5 14.00 OK
r-prerel-windows-x86_64 1.3.5 3.00 44.00 47.00 OK
r-patched-linux-x86_64 1.3.5 1.72 22.11 23.83 NOTE
r-release-linux-x86_64 1.3.5 2.22 22.51 24.73 NOTE
r-release-macos-arm64 1.3.5 14.00 OK
r-release-macos-x86_64 1.3.5 22.00 OK
r-release-windows-x86_64 1.3.5 3.00 44.00 47.00 OK
r-oldrel-macos-arm64 1.3.5 13.00 OK
r-oldrel-windows-x86_64 1.3.5 3.00 48.00 51.00 OK

Check Details

Version: 1.3.5
Check: R code for possible problems
Result: NOTE Found the following calls to attach(): File ‘Rmosek/R/builder.R’: attach(builderenv, pos, name, warn.conflicts) See section ‘Good practice’ in ‘?attach’. Flavors: r-devel-linux-x86_64-debian-clang, r-devel-linux-x86_64-debian-gcc, r-patched-linux-x86_64, r-release-linux-x86_64