Last updated on 2023-05-28 23:14:08 CEST.
Flavor | Version | Tinstall | Tcheck | Ttotal | Status | Flags |
---|---|---|---|---|---|---|
r-devel-linux-x86_64-debian-clang | 0.0.3 | 6.81 | 54.03 | 60.84 | OK | |
r-devel-linux-x86_64-debian-gcc | 0.0.3 | 5.68 | 41.43 | 47.11 | OK | |
r-devel-linux-x86_64-fedora-clang | 0.0.3 | 78.95 | NOTE | |||
r-devel-linux-x86_64-fedora-gcc | 0.0.3 | 80.18 | NOTE | |||
r-devel-windows-x86_64 | 0.0.3 | 7.00 | 57.00 | 64.00 | OK | |
r-patched-linux-x86_64 | 0.0.3 | 5.81 | 51.04 | 56.85 | OK | |
r-release-linux-x86_64 | 0.0.3 | 4.13 | 51.21 | 55.34 | OK | |
r-release-macos-arm64 | 0.0.3 | 25.00 | OK | |||
r-release-macos-x86_64 | 0.0.3 | 38.00 | OK | |||
r-release-windows-x86_64 | 0.0.3 | 9.00 | 66.00 | 75.00 | OK | |
r-oldrel-macos-arm64 | 0.0.3 | 24.00 | NOTE | |||
r-oldrel-macos-x86_64 | 0.0.3 | 45.00 | NOTE | |||
r-oldrel-windows-x86_64 | 0.0.3 | 9.00 | 69.00 | 78.00 | OK |
Version: 0.0.3
Check: dependencies in R code
Result: NOTE
Namespace in Imports field not imported from: ‘reshape2’
All declared Imports should be used.
Flavors: r-devel-linux-x86_64-fedora-clang, r-devel-linux-x86_64-fedora-gcc, r-oldrel-macos-arm64, r-oldrel-macos-x86_64