Last updated on 2024-04-24 16:54:43 CEST.
Flavor | Version | Tinstall | Tcheck | Ttotal | Status | Flags |
---|---|---|---|---|---|---|
r-devel-linux-x86_64-debian-clang | 0.0.3 | 7.92 | 55.19 | 63.11 | OK | |
r-devel-linux-x86_64-debian-gcc | 0.0.3 | 5.65 | 40.97 | 46.62 | OK | |
r-devel-linux-x86_64-fedora-clang | 0.0.3 | 77.50 | NOTE | |||
r-devel-linux-x86_64-fedora-gcc | 0.0.3 | 74.48 | NOTE | |||
r-devel-windows-x86_64 | 0.0.3 | 6.00 | 58.00 | 64.00 | OK | |
r-patched-linux-x86_64 | 0.0.3 | 6.03 | 51.83 | 57.86 | OK | |
r-release-linux-x86_64 | 0.0.3 | 4.26 | 52.35 | 56.61 | OK | |
r-release-macos-arm64 | 0.0.3 | 25.00 | OK | |||
r-release-windows-x86_64 | 0.0.3 | 6.00 | 58.00 | 64.00 | OK | |
r-oldrel-macos-arm64 | 0.0.3 | 24.00 | NOTE | |||
r-oldrel-macos-x86_64 | 0.0.3 | 38.00 | OK | |||
r-oldrel-windows-x86_64 | 0.0.3 | 9.00 | 64.00 | 73.00 | OK |
Version: 0.0.3
Check: dependencies in R code
Result: NOTE
Namespace in Imports field not imported from: ‘reshape2’
All declared Imports should be used.
Flavors: r-devel-linux-x86_64-fedora-clang, r-devel-linux-x86_64-fedora-gcc, r-oldrel-macos-arm64