Last updated on 2023-01-28 00:52:59 CET.
Flavor | Version | Tinstall | Tcheck | Ttotal | Status | Flags |
---|---|---|---|---|---|---|
r-devel-linux-x86_64-debian-clang | 1.0.0 | 539.02 | 106.21 | 645.23 | NOTE | |
r-devel-linux-x86_64-debian-gcc | 1.0.0 | 524.27 | 109.33 | 633.60 | NOTE | |
r-devel-linux-x86_64-fedora-clang | 1.0.0 | 841.61 | NOTE | |||
r-devel-linux-x86_64-fedora-gcc | 1.0.0 | 1044.19 | NOTE | |||
r-devel-windows-x86_64 | 1.0.0 | 344.00 | 192.00 | 536.00 | NOTE | |
r-patched-linux-x86_64 | 1.0.0 | 425.17 | 134.77 | 559.94 | NOTE | |
r-release-linux-x86_64 | 1.0.0 | 415.86 | 133.40 | 549.26 | NOTE | |
r-release-macos-arm64 | 1.0.0 | 248.00 | NOTE | |||
r-release-macos-x86_64 | 1.0.0 | 312.00 | NOTE | |||
r-release-windows-x86_64 | 1.0.0 | 345.00 | 196.00 | 541.00 | NOTE | |
r-oldrel-macos-arm64 | 1.0.0 | 234.00 | NOTE | |||
r-oldrel-macos-x86_64 | 1.0.0 | 312.00 | NOTE | |||
r-oldrel-windows-ix86+x86_64 | 1.0.0 | 1164.00 | 240.00 | 1404.00 | NOTE |
Version: 1.0.0
Check: for GNU extensions in Makefiles
Result: NOTE
GNU make is a SystemRequirements.
Flavors: r-devel-linux-x86_64-debian-clang, r-devel-linux-x86_64-debian-gcc, r-devel-linux-x86_64-fedora-clang, r-devel-linux-x86_64-fedora-gcc, r-devel-windows-x86_64, r-patched-linux-x86_64, r-release-linux-x86_64, r-release-macos-arm64, r-release-macos-x86_64, r-release-windows-x86_64, r-oldrel-macos-arm64, r-oldrel-macos-x86_64, r-oldrel-windows-ix86+x86_64
Version: 1.0.0
Check: C++ specification
Result: NOTE
Specified C++14: please update to current default of C++17
Flavors: r-devel-linux-x86_64-debian-gcc, r-devel-linux-x86_64-fedora-gcc
Version: 1.0.0
Check: installed package size
Result: NOTE
installed size is 6.4Mb
sub-directories of 1Mb or more:
libs 5.8Mb
Flavors: r-devel-linux-x86_64-fedora-clang, r-devel-windows-x86_64, r-release-macos-arm64, r-release-macos-x86_64, r-release-windows-x86_64, r-oldrel-macos-arm64, r-oldrel-macos-x86_64, r-oldrel-windows-ix86+x86_64
Version: 1.0.0
Check: dependencies in R code
Result: NOTE
Namespaces in Imports field not imported from:
‘Rdpack’ ‘methods’
All declared Imports should be used.
Flavors: r-devel-linux-x86_64-fedora-clang, r-devel-linux-x86_64-fedora-gcc, r-release-macos-arm64, r-release-macos-x86_64, r-oldrel-macos-arm64, r-oldrel-macos-x86_64
Version: 1.0.0
Check: Rd cross-references
Result: NOTE
Undeclared package ‘extraDistr’ in Rd xrefs
Flavor: r-devel-linux-x86_64-fedora-clang