Last updated on 2023-05-28 23:14:09 CEST.
Flavor | Version | Tinstall | Tcheck | Ttotal | Status | Flags |
---|---|---|---|---|---|---|
r-devel-linux-x86_64-debian-clang | 1.2.1 | 38.95 | 338.14 | 377.09 | OK | |
r-devel-linux-x86_64-debian-gcc | 1.2.1 | 30.78 | 254.22 | 285.00 | OK | |
r-devel-linux-x86_64-fedora-clang | 1.2.1 | 481.63 | NOTE | |||
r-devel-linux-x86_64-fedora-gcc | 1.2.1 | 486.48 | OK | |||
r-devel-windows-x86_64 | 1.2.1 | 34.00 | 224.00 | 258.00 | OK | |
r-patched-linux-x86_64 | 1.2.1 | 35.65 | 316.51 | 352.16 | OK | |
r-release-linux-x86_64 | 1.2.1 | 26.14 | 314.57 | 340.71 | OK | |
r-release-macos-arm64 | 1.2.1 | 109.00 | NOTE | |||
r-release-macos-x86_64 | 1.2.0 | 229.00 | NOTE | |||
r-release-windows-x86_64 | 1.2.1 | 42.00 | 299.00 | 341.00 | OK | |
r-oldrel-macos-arm64 | 1.2.1 | 109.00 | NOTE | |||
r-oldrel-macos-x86_64 | 1.2.1 | 154.00 | NOTE | |||
r-oldrel-windows-x86_64 | 1.2.1 | 41.00 | 285.00 | 326.00 | OK |
Version: 1.2.1
Check: Rd cross-references
Result: NOTE
Undeclared package ‘distrEx’ in Rd xrefs
Flavor: r-devel-linux-x86_64-fedora-clang
Version: 1.2.1
Check: package dependencies
Result: NOTE
Packages suggested but not available for checking:
'affydata', 'hgu95av2cdf', 'beadarrayExampleData',
'illuminaHumanv3.db'
Flavor: r-release-macos-arm64
Version: 1.2.0
Check: package dependencies
Result: NOTE
Packages suggested but not available for checking:
'affydata', 'hgu95av2cdf', 'beadarrayExampleData',
'illuminaHumanv3.db'
Flavor: r-release-macos-x86_64
Version: 1.2.1
Check: package dependencies
Result: NOTE
Package suggested but not available for checking: ‘illuminaHumanv3.db’
Flavor: r-oldrel-macos-arm64
Version: 1.2.1
Check: package dependencies
Result: NOTE
Packages suggested but not available for checking:
'affydata', 'illuminaHumanv3.db'
Flavor: r-oldrel-macos-x86_64