CRAN Package Check Results for Package RobustRankAggreg

Last updated on 2021-12-02 00:49:22 CET.

Flavor Version Tinstall Tcheck Ttotal Status Flags
r-devel-linux-x86_64-debian-clang 1.1 2.26 23.52 25.78 NOTE
r-devel-linux-x86_64-debian-gcc 1.1 1.68 19.22 20.90 NOTE
r-devel-linux-x86_64-fedora-clang 1.1 44.32 NOTE
r-devel-linux-x86_64-fedora-gcc 1.1 32.07 NOTE
r-devel-windows-x86_64-new-UL 1.1 5.00 56.00 61.00 NOTE
r-devel-windows-x86_64-new-TK 1.1 NOTE
r-devel-windows-x86_64-old 1.1 4.00 43.00 47.00 NOTE
r-patched-linux-x86_64 1.1 2.17 22.97 25.14 NOTE
r-patched-solaris-x86 1.1 48.90 NOTE
r-release-linux-x86_64 1.1 2.13 22.92 25.05 NOTE
r-release-macos-arm64 1.1 NOTE
r-release-macos-x86_64 1.1 NOTE
r-release-windows-ix86+x86_64 1.1 5.00 42.00 47.00 NOTE
r-oldrel-macos-x86_64 1.1 NOTE
r-oldrel-windows-ix86+x86_64 1.1 4.00 41.00 45.00 NOTE

Check Details

Version: 1.1
Check: dependencies in R code
Result: NOTE
    Package in Depends field not imported from: 'methods'
     These packages need to be imported from (in the NAMESPACE file)
     for when this namespace is loaded but not attached.
Flavors: r-devel-linux-x86_64-debian-clang, r-devel-linux-x86_64-debian-gcc, r-devel-linux-x86_64-fedora-clang, r-devel-linux-x86_64-fedora-gcc, r-devel-windows-x86_64-new-UL, r-devel-windows-x86_64-new-TK, r-devel-windows-x86_64-old, r-patched-linux-x86_64, r-patched-solaris-x86, r-release-linux-x86_64, r-release-macos-arm64, r-release-macos-x86_64, r-release-windows-ix86+x86_64, r-oldrel-macos-x86_64, r-oldrel-windows-ix86+x86_64

Version: 1.1
Check: R code for possible problems
Result: NOTE
    aggregateRanks: no visible binding for global variable 'median'
    aggregateRanks: no visible global function definition for 'pnorm'
    betaScores: no visible global function definition for 'pbeta'
    correctBetaPvaluesExact: no visible binding for global variable 'qbeta'
    thresholdBetaScore: no visible global function definition for 'pbeta'
    Undefined global functions or variables:
     median pbeta pnorm qbeta
    Consider adding
     importFrom("stats", "median", "pbeta", "pnorm", "qbeta")
    to your NAMESPACE file.
Flavors: r-devel-linux-x86_64-debian-clang, r-devel-linux-x86_64-debian-gcc, r-devel-linux-x86_64-fedora-clang, r-devel-linux-x86_64-fedora-gcc, r-devel-windows-x86_64-new-UL, r-devel-windows-x86_64-new-TK, r-devel-windows-x86_64-old, r-patched-linux-x86_64, r-patched-solaris-x86, r-release-linux-x86_64, r-release-macos-arm64, r-release-macos-x86_64, r-release-windows-ix86+x86_64, r-oldrel-macos-x86_64, r-oldrel-windows-ix86+x86_64