Last updated on 2024-03-28 23:55:18 CET.
Flavor | Version | Tinstall | Tcheck | Ttotal | Status | Flags |
---|---|---|---|---|---|---|
r-devel-linux-x86_64-debian-clang | 3.10.3 | 21.52 | 167.41 | 188.93 | NOTE | |
r-devel-linux-x86_64-debian-gcc | 3.10.3 | 22.02 | 126.64 | 148.66 | NOTE | |
r-devel-linux-x86_64-fedora-clang | 3.10.3 | 242.80 | NOTE | |||
r-devel-linux-x86_64-fedora-gcc | 3.10.3 | 236.33 | NOTE | |||
r-devel-windows-x86_64 | 3.10.3 | 22.00 | 131.00 | 153.00 | NOTE | |
r-patched-linux-x86_64 | 3.10.3 | 0.64 | 2.15 | 2.79 | ERROR | |
r-release-linux-x86_64 | 3.10.3 | 0.52 | 1.78 | 2.30 | ERROR | |
r-release-macos-arm64 | 3.10.3 | 75.00 | OK | |||
r-release-macos-x86_64 | 3.10.3 | 142.00 | OK | |||
r-release-windows-x86_64 | 3.10.3 | 30.00 | 167.00 | 197.00 | OK | |
r-oldrel-macos-arm64 | 3.10.3 | 70.00 | OK | |||
r-oldrel-windows-x86_64 | 3.10.3 | 31.00 | 158.00 | 189.00 | OK |
Version: 3.10.3
Check: Rd files
Result: NOTE
checkRd: (-1) hyper_names.Rd:37-38: Lost braces in \itemize; meant \describe ?
checkRd: (-1) hyper_names.Rd:39-41: Lost braces in \itemize; meant \describe ?
checkRd: (-1) hyper_names.Rd:42-44: Lost braces in \itemize; meant \describe ?
checkRd: (-1) hyper_names.Rd:45-47: Lost braces in \itemize; meant \describe ?
Flavors: r-devel-linux-x86_64-debian-clang, r-devel-linux-x86_64-debian-gcc, r-devel-linux-x86_64-fedora-clang, r-devel-linux-x86_64-fedora-gcc, r-devel-windows-x86_64
Version: 3.10.3
Check: package dependencies
Result: ERROR
Package required but not available: ‘prophet’
See section ‘The DESCRIPTION file’ in the ‘Writing R Extensions’
manual.
Flavors: r-patched-linux-x86_64, r-release-linux-x86_64