CRAN Package Check Results for Package Rpoet

Last updated on 2021-10-17 00:48:49 CEST.

Flavor Version Tinstall Tcheck Ttotal Status Flags
r-devel-linux-x86_64-debian-clang 1.1.0 1.87 23.30 25.17 NOTE
r-devel-linux-x86_64-debian-gcc 1.1.0 1.45 18.26 19.71 NOTE
r-devel-linux-x86_64-fedora-clang 1.1.0 40.65 NOTE
r-devel-linux-x86_64-fedora-gcc 1.1.0 29.83 NOTE
r-devel-windows-x86_64 1.1.0 3.00 31.00 34.00 NOTE
r-devel-windows-x86_64-gcc10-UCRT 1.1.0 NOTE
r-patched-linux-x86_64 1.1.0 1.59 22.13 23.72 NOTE
r-patched-solaris-x86 1.1.0 47.40 NOTE
r-release-linux-x86_64 1.1.0 1.76 21.78 23.54 NOTE
r-release-macos-arm64 1.1.0 NOTE
r-release-macos-x86_64 1.1.0 NOTE
r-release-windows-ix86+x86_64 1.1.0 4.00 41.00 45.00 NOTE
r-oldrel-macos-x86_64 1.1.0 OK
r-oldrel-windows-ix86+x86_64 1.1.0 5.00 40.00 45.00 OK

Check Details

Version: 1.1.0
Check: LazyData
Result: NOTE
     'LazyData' is specified without a 'data' directory
Flavors: r-devel-linux-x86_64-debian-clang, r-devel-linux-x86_64-debian-gcc, r-devel-linux-x86_64-fedora-clang, r-devel-linux-x86_64-fedora-gcc, r-devel-windows-x86_64, r-devel-windows-x86_64-gcc10-UCRT, r-patched-linux-x86_64, r-patched-solaris-x86, r-release-linux-x86_64, r-release-macos-arm64, r-release-macos-x86_64, r-release-windows-ix86+x86_64