CRAN Package Check Results for Package Rprofet

Last updated on 2023-12-02 16:49:26 CET.

Flavor Version Tinstall Tcheck Ttotal Status Flags
r-devel-linux-x86_64-debian-clang 2.2.1 8.37 94.31 102.68 NOTE
r-devel-linux-x86_64-debian-gcc 2.2.1 6.08 68.68 74.76 NOTE
r-devel-linux-x86_64-fedora-clang 2.2.1 123.68 NOTE
r-devel-linux-x86_64-fedora-gcc 2.2.1 120.60 NOTE
r-devel-windows-x86_64 2.2.1 9.00 87.00 96.00 NOTE
r-patched-linux-x86_64 2.2.1 7.90 86.91 94.81 NOTE
r-release-linux-x86_64 2.2.1 6.82 88.19 95.01 NOTE
r-release-macos-arm64 2.2.1 40.00 NOTE
r-release-macos-x86_64 2.2.1 61.00 NOTE
r-release-windows-x86_64 2.2.1 10.00 97.00 107.00 NOTE
r-oldrel-macos-arm64 2.2.1 34.00 NOTE
r-oldrel-macos-x86_64 2.2.1 67.00 NOTE
r-oldrel-windows-x86_64 2.2.1 11.00 104.00 115.00 NOTE

Check Details

Version: 2.2.1
Check: LazyData
Result: NOTE 'LazyData' is specified without a 'data' directory Flavors: r-devel-linux-x86_64-debian-clang, r-devel-linux-x86_64-debian-gcc, r-devel-linux-x86_64-fedora-clang, r-devel-linux-x86_64-fedora-gcc, r-devel-windows-x86_64, r-patched-linux-x86_64, r-release-linux-x86_64, r-release-macos-arm64, r-release-macos-x86_64, r-release-windows-x86_64, r-oldrel-macos-arm64, r-oldrel-macos-x86_64, r-oldrel-windows-x86_64