CRAN Package Check Results for Package Rraven

Last updated on 2022-06-27 16:52:04 CEST.

Flavor Version Tinstall Tcheck Ttotal Status Flags
r-devel-linux-x86_64-debian-clang 1.0.13 3.08 44.77 47.85 OK
r-devel-linux-x86_64-debian-gcc 1.0.13 3.29 33.78 37.07 OK
r-devel-linux-x86_64-fedora-clang 1.0.13 69.47 NOTE
r-devel-linux-x86_64-fedora-gcc 1.0.13 67.86 NOTE
r-devel-windows-x86_64 1.0.13 18.00 86.00 104.00 OK
r-patched-linux-x86_64 1.0.13 7.47 42.40 49.87 OK
r-release-linux-x86_64 1.0.13 4.53 42.37 46.90 OK
r-release-macos-arm64 1.0.13 24.00 NOTE
r-release-macos-x86_64 1.0.13 36.00 NOTE
r-release-windows-x86_64 1.0.13 20.00 81.00 101.00 OK
r-oldrel-macos-arm64 1.0.13 29.00 NOTE
r-oldrel-macos-x86_64 1.0.13 36.00 NOTE
r-oldrel-windows-ix86+x86_64 1.0.13 9.00 73.00 82.00 OK

Check Details

Version: 1.0.13
Check: dependencies in R code
Result: NOTE
    Namespace in Imports field not imported from: ‘NatureSounds’
     All declared Imports should be used.
Flavors: r-devel-linux-x86_64-fedora-clang, r-devel-linux-x86_64-fedora-gcc, r-release-macos-arm64, r-release-macos-x86_64, r-oldrel-macos-arm64, r-oldrel-macos-x86_64